{"id":13,"date":"2016-01-12T20:30:49","date_gmt":"2016-01-12T19:30:49","guid":{"rendered":"http:\/\/s490497976.online.de\/brvblog_new\/wordpress\/?page_id=13"},"modified":"2024-04-28T17:08:31","modified_gmt":"2024-04-28T15:08:31","slug":"ergebnisse-bayerische-meisterschaften","status":"publish","type":"page","link":"http:\/\/s490497976.online.de\/brvblog_new\/wordpress\/ergebnisse-bayerische-meisterschaften\/","title":{"rendered":"Ergebnisse Bay. Meisterschaften"},"content":{"rendered":"<p><strong>Ergebnisse Bayerische BMX Meisterschaft 2024 F\u00fcrstenfeldbruck<\/strong><\/p>\n<p><a href=\"http:\/\/s490497976.online.de\/brvblog_new\/wordpress\/wp-content\/uploads\/2024\/04\/Bayerische-BMX-Meisterschaft-2024-Fuerstenfeldbruck-Tageswertung.htm\">Bayerische BMX Meisterschaft 2024 F\u00fcrstenfeldbruck &#8211; Tageswertung<\/a><br \/>\n<a href=\"http:\/\/s490497976.online.de\/brvblog_new\/wordpress\/wp-content\/uploads\/2024\/04\/Bayerische-BMX-Meisterschaft-2024-Fuerstenfeldbruck-Mannschaftstageswertung.htm\">Bayerische BMX Meisterschaft 2024 F\u00fcrstenfeldbruck &#8211; Mannschaftstageswertung<\/a> <a href=\"http:\/\/s490497976.online.de\/brvblog_new\/wordpress\/wp-content\/uploads\/2024\/04\/Bayerische-BMX-Meisterschaft-2024-Fuerstenfeldbruck-schnellste-FahrerInnen.htm\">Bayerische BMX Meisterschaft 2024 F\u00fcrstenfeldbruck &#8211; schnellste FahrerInnen<\/a><\/p>\n<p><strong>Ergebnisse Bayerische BMX Meisterschaft 2023 K\u00f6nigsbrunn<br \/>\n<\/strong><\/p>\n<p><a href=\"http:\/\/s490497976.online.de\/brvblog_new\/wordpress\/wp-content\/uploads\/2023\/06\/Bayerische-BMX-Meisterschaft-2023-Koenigsbrunn-Ergebnisse-1.pdf\">Bayerische BMX Meisterschaft 2023 K\u00f6nigsbrunn &#8211; Ergebnisse Meisterschaft<\/a><br \/>\n<a href=\"http:\/\/s490497976.online.de\/brvblog_new\/wordpress\/wp-content\/uploads\/2023\/06\/Bayerische-BMX-Meisterschaft-2023-Koenigsbrunn-Ergebnisse-Vorlaeufe-und-Finals.htm\">Bayerische BMX Meisterschaft 2023 K\u00f6nigsbrunn &#8211; Ergebnisse Vorl\u00e4ufe und Finals<\/a><br \/>\n<a href=\"http:\/\/s490497976.online.de\/brvblog_new\/wordpress\/wp-content\/uploads\/2023\/06\/Bayerische-BMX-Meisterschaft-2023-Koenigsbrunn-Mannschaftswertung.htm\">Bayerische BMX Meisterschaft 2023 K\u00f6nigsbrunn &#8211; Mannschaftswertung<\/a><br \/>\n<a href=\"http:\/\/s490497976.online.de\/brvblog_new\/wordpress\/wp-content\/uploads\/2023\/06\/Bayerische-BMX-Meisterschaft-2023-Koenigsbrunn-Gesamtwertung-Lizenzklassen.htm\">Bayerische BMX Meisterschaft 2023 K\u00f6nigsbrunn &#8211; Gesamtwertung Bayernliga Lizenzklassen<\/a><br \/>\n<a href=\"http:\/\/s490497976.online.de\/brvblog_new\/wordpress\/wp-content\/uploads\/2023\/06\/Bayerische-BMX-Meisterschaft-2023-Koenigsbrunn-Mannschaftsgesamtwertung.htm\">Bayerische BMX Meisterschaft 2023 K\u00f6nigsbrunn &#8211; Mannschaftsgesamtwertung Bayernliga<\/a><br \/>\n<a href=\"http:\/\/s490497976.online.de\/brvblog_new\/wordpress\/wp-content\/uploads\/2023\/06\/Bayerische-BMX-Meisterschaft-2023-Koenigsbrunn-schnellste-50-FahrerInnen.htm\">Bayerische BMX Meisterschaft 2023 K\u00f6nigsbrunn &#8211; schnellste 50 FahrerInnen<\/a><\/p>\n<p><strong>Ergebnisse Bayerische BMX Meisterschaft 2022 Erlangen<\/strong><\/p>\n<p><a href=\"http:\/\/s490497976.online.de\/brvblog_new\/wordpress\/wp-content\/uploads\/2023\/02\/Bayerische-BMX-Meisterschaft-2022-Erlangen-Ergebnisse-Meisterschaft-Kopie.htm\">Bayerische BMX-Meisterschaft 2022 Erlangen &#8211; Ergebnisse Meisterschaft<\/a><br \/>\n<a href=\"http:\/\/s490497976.online.de\/brvblog_new\/wordpress\/wp-content\/uploads\/2022\/05\/Bayerische-BMX-Meisterschaft-2022-Erlangen-Mannschaftswertung.htm\">Bayerische BMX-Meisterschaft 2022 Erlangen &#8211; Mannschaftswertung<\/a><br \/>\n<a href=\"http:\/\/s490497976.online.de\/brvblog_new\/wordpress\/wp-content\/uploads\/2022\/05\/Bayerische-BMX-Meisterschaft-2022-Erlangen-Gesamtwertung-Lizenz.htm\">Bayerische BMX-Meisterschaft 2022 Erlangen &#8211; Gesamtwertung Lizenz<\/a><br \/>\n<a href=\"http:\/\/s490497976.online.de\/brvblog_new\/wordpress\/wp-content\/uploads\/2022\/05\/Bayerische-BMX-Meisterschaft-2022-Erlangen-Mannschaftsgesamtwertung.htm\">Bayerische BMX-Meisterschaft 2022 Erlangen &#8211; Mannschaftsgesamtwertung<\/a><br \/>\n<a href=\"http:\/\/s490497976.online.de\/brvblog_new\/wordpress\/wp-content\/uploads\/2022\/05\/Bayerische-BMX-Meisterschaft-2022-Erlangen-schnellste-50-FahrerInnen.htm\">Bayerische BMX-Meisterschaft 2022 Erlangen &#8211; schnellste 50 FahrerInnen<\/a><\/p>\n<p><strong>Ergebnisse Bayerische BMX Meisterschaft 2021 Weilheim<\/strong><\/p>\n<p><a href=\"http:\/\/s490497976.online.de\/brvblog_new\/wordpress\/wp-content\/uploads\/2021\/06\/Platzierungen-Bayerische-BMX-Meisterschaft-2021-Weilheim.pdf\">Platzierungen Bayerische BMX Meisterschaft 2021<br \/>\n<\/a><a href=\"http:\/\/s490497976.online.de\/brvblog_new\/wordpress\/wp-content\/uploads\/2021\/06\/Bayerische-Meisterschaft-2021-Weilheim-Tageswertung.htm\">Bayerische Meisterschaft 2021 Weilheim &#8211; Ergebnisse Vorl\u00e4ufe und Finall\u00e4ufe inkl. Beginnerwertung<\/a><br \/>\n<a href=\"http:\/\/s490497976.online.de\/brvblog_new\/wordpress\/wp-content\/uploads\/2021\/06\/Bayerische-Meisterschaft-2021-Weilheim-schnellste-50-Fahrer.htm\">Bayerische Meisterschaft 2021 Weilheim &#8211; schnellste 50 Fahrer<\/a><br \/>\n<a href=\"http:\/\/s490497976.online.de\/brvblog_new\/wordpress\/wp-content\/uploads\/2021\/06\/Bayerische-Meisterschaft-2021-Weilheim-Mannschaftswertung.htm\">Bayerische Meisterschaft 2021 Weilheim &#8211; Mannschaftswertung<\/a><br \/>\n<a href=\"http:\/\/s490497976.online.de\/brvblog_new\/wordpress\/wp-content\/uploads\/2021\/06\/Bayerische-Meisterschaft-2021-Weilheim-Gesamtwertung.htm\">Bayerische Meisterschaft 2021 Weilheim &#8211; Gesamtwertung<\/a><br \/>\n<a href=\"http:\/\/s490497976.online.de\/brvblog_new\/wordpress\/wp-content\/uploads\/2021\/06\/Bayerische-Meisterschaft-2021-Weilheim-Mannschaftsgesamtwertung.htm\">Bayerische Meisterschaft 2021 Weilheim &#8211; Mannschaftsgesamtwertung<\/a><\/p>\n<p><strong>Ergebnisse Bayerische BMX Meisterschaft 2020 Pei\u00dfenberg<\/strong><\/p>\n<p><a href=\"http:\/\/s490497976.online.de\/brvblog_new\/wordpress\/wp-content\/uploads\/2020\/09\/Ergebnisse-Bayerische-Meisterschaft-2020-alle-Klassen.pdf\">Bayerische BMX-Meisterschaft 2020 Pei\u00dfenberg &#8211; Platzierungen Meisterschaft<\/a><br \/>\n<a href=\"http:\/\/s490497976.online.de\/brvblog_new\/wordpress\/wp-content\/uploads\/2020\/09\/Ergebnisse-Gesamt-Samstag.htm\">Ergebnisse Vorl\u00e4ufe und Finall\u00e4ufe Samstag &#8211; Beginners und Cruiser<\/a><br \/>\n<a href=\"http:\/\/s490497976.online.de\/brvblog_new\/wordpress\/wp-content\/uploads\/2020\/09\/Ergebnisse-gesamt-Sonntag.htm\">Ergebnisse Vorl\u00e4ufe und Finall\u00e4ufe Sonntag &#8211; 20&#8243;-Klassen<\/a><\/p>\n<p><strong>Ergebnisse Bayerische BMX Meisterschaft 2019 F\u00fcrstenfeldbruck<\/strong><\/p>\n<p><a href=\"http:\/\/s490497976.online.de\/brvblog_new\/wordpress\/wp-content\/uploads\/2019\/05\/Bayerische-BMX-Meisterschaft-2019-F\u00fcrstenfeldbruck-Platzierungen-Meisterschaft.pdf\">Bayerische BMX-Meisterschaft 2019 F\u00fcrstenfeldbruck &#8211; Platzierungen Meisterschaft<\/a><br \/>\n<a href=\"http:\/\/s490497976.online.de\/brvblog_new\/wordpress\/wp-content\/uploads\/2019\/05\/Bayerische-BMX-Meisterschaft-2019-F\u00fcrstenfeldbruck-Ergebnisse-Vorl\u00e4ufe-und-Finall\u00e4ufe.htm\">Bayerische BMX-Meisterschaft 2019 F\u00fcrstenfeldbruck &#8211; Ergebnisse Vorl\u00e4ufe und Finall\u00e4ufe<\/a><br \/>\n<a href=\"http:\/\/s490497976.online.de\/brvblog_new\/wordpress\/wp-content\/uploads\/2019\/05\/Bayerische-BMX-Meisterschaft-2019-F\u00fcrstenfeldbruck-Mannschaftswertung.htm\">Bayerische BMX-Meisterschaft 2019 F\u00fcrstenfeldbruck &#8211; Mannschaftswertung<\/a><br \/>\n<a href=\"http:\/\/s490497976.online.de\/brvblog_new\/wordpress\/wp-content\/uploads\/2019\/05\/Bayerische-BMX-Meisterschaft-2019-F\u00fcrstenfeldbruck-Gesamtwertung.htm\">Bayerische BMX-Meisterschaft 2019 F\u00fcrstenfeldbruck &#8211; Gesamtwertung<\/a><br \/>\n<a href=\"http:\/\/s490497976.online.de\/brvblog_new\/wordpress\/wp-content\/uploads\/2019\/05\/Bayerische-BMX-Meisterschaft-2019-F\u00fcrstenfeldbruck-Mannschaftsgesamtwertung.htm\">Bayerische BMX-Meisterschaft 2019 F\u00fcrstenfeldbruck &#8211; Mannschaftsgesamtwertung<\/a><\/p>\n<p><strong>Ergebnisse Bayerische BMX Meisterschaft 2018 Erlangen<\/strong><\/p>\n<p><a href=\"http:\/\/s490497976.online.de\/brvblog_new\/wordpress\/wp-content\/uploads\/2016\/01\/Bayerische-BMX-Meisterschaft-2018-Erlangen-Platzierungen-Meisterschaft.pdf\" rel=\"\">Bayerische BMX-Meisterschaft 2018 Erlangen &#8211; Platzierungen Meisterschaft<\/a><br \/>\n<a href=\"http:\/\/s490497976.online.de\/brvblog_new\/wordpress\/wp-content\/uploads\/2016\/01\/Bayerische-BMX-Meisterschaft-2018-Erlangen-Ergebnisse-Vorl\u00e4ufe-und-Finall\u00e4ufe.htm\" rel=\"\">Bayerische BMX-Meisterschaft 2018 Erlangen &#8211; Ergebnisse Vorl\u00e4ufe und Finall\u00e4ufe<\/a><br \/>\n<a href=\"http:\/\/s490497976.online.de\/brvblog_new\/wordpress\/wp-content\/uploads\/2016\/01\/Bayerische-BMX-Meisterschaft-2018-Erlangen-Mannschaftswertung.htm\" rel=\"\">Bayerische BMX-Meisterschaft 2018 Erlangen &#8211; Mannschaftswertung<\/a><br \/>\n<a href=\"http:\/\/s490497976.online.de\/brvblog_new\/wordpress\/wp-content\/uploads\/2016\/01\/Bayerische-BMX-Meisterschaft-2018-Erlangen-Gesamtwertung.htm\" rel=\"\">Bayerische BMX-Meisterschaft 2018 Erlangen &#8211; Gesamtwertung<\/a><br \/>\n<a href=\"http:\/\/s490497976.online.de\/brvblog_new\/wordpress\/wp-content\/uploads\/2016\/01\/Bayerische-BMX-Meisterschaft-2018-Erlangen-Gesamtwertung-Mannschaft-1.htm\" rel=\"\">Bayerische BMX-Meisterschaft 2018 Erlangen &#8211; Gesamtwertung Mannschaft<\/a><\/p>\n<p><strong>Ergebnisse Bayerische BMX Meisterschaft 2017 Weilheim<\/strong><\/p>\n<p><a href=\"http:\/\/s490497976.online.de\/brvblog_new\/wordpress\/wp-content\/uploads\/2016\/01\/Bayerische-BMX-Meisterschaft-2017-Weilheim-Platzierungen-Meisterschaft.pdf\" rel=\"\">Bayerische BMX-Meisterschaft 2017 Weilheim &#8211; Platzierungen Meisterschaft<\/a><br \/>\n<a href=\"http:\/\/s490497976.online.de\/brvblog_new\/wordpress\/wp-content\/uploads\/2016\/01\/Bayerische-BMX-Meisterschaft-2017-Weilheim-Ergebnisse-Vorl\u00e4ufe-und-Finall\u00e4ufe.htm\" rel=\"\">Bayerische BMX-Meisterschaft 2017 Weilheim &#8211; Ergebnisse Vorl\u00e4ufe und Finall\u00e4ufe<\/a><br \/>\n<a href=\"http:\/\/s490497976.online.de\/brvblog_new\/wordpress\/wp-content\/uploads\/2016\/01\/Bayerische-BMX-Meisterschaft-2017-Weilheim-Mannschaftswertung.htm\" rel=\"\">Bayerische BMX-Meisterschaft 2017 Weilheim &#8211; Mannschaftswertung<\/a><br \/>\n<a href=\"http:\/\/s490497976.online.de\/brvblog_new\/wordpress\/wp-content\/uploads\/2016\/01\/Bayerische-BMX-Meisterschaft-2017-Weilheim-Gesamtwertung.htm\" rel=\"\">Bayerische BMX-Meisterschaft 2017 Weilheim &#8211; Gesamtwertung<\/a><br \/>\n<a href=\"http:\/\/s490497976.online.de\/brvblog_new\/wordpress\/wp-content\/uploads\/2016\/01\/Bayerische-BMX-Meisterschaft-2017-Weilheim-Gesamtwertung-Mannschaft.htm\" rel=\"\">Bayerische BMX-Meisterschaft 2017 Weilheim &#8211; Gesamtwertung Mannschaft<\/a><\/p>\n<p><strong>Ergebnisse Bayerische BMX Meisterschaft 2016 Kolbermoor<\/strong><\/p>\n<p><a href=\"http:\/\/s490497976.online.de\/brvblog_new\/wordpress\/wp-content\/uploads\/2016\/01\/Bayerische-Meisterschaft-Kolbermoor-Tageswertung.pdf\" rel=\"\">Bayerische Meisterschaft Kolbermoor Tageswertung<\/a><br \/>\n<a href=\"http:\/\/s490497976.online.de\/brvblog_new\/wordpress\/wp-content\/uploads\/2016\/01\/Bayerische-Meisterschaft-Kolbermoor-Gesamtwertung.pdf\" rel=\"\">Bayerische Meisterschaft Kolbermoor Gesamtwertung<\/a><br \/>\n<a href=\"http:\/\/s490497976.online.de\/brvblog_new\/wordpress\/wp-content\/uploads\/2016\/01\/Gesamtmannschaftswertung-nach-Bayerischer-Meisterschaft.pdf\" rel=\"\">Gesamtmannschaftswertung nach Bayerischer Meisterschaft<\/a><br \/>\n<a href=\"http:\/\/s490497976.online.de\/brvblog_new\/wordpress\/wp-content\/uploads\/2016\/01\/Bayerische-Meisterschaft-Kolbermoor-Ergebnisse-Vorl\u00e4ufe-Semifinals-Finals.pdf\" rel=\"\">Bayerische Meisterschaft Kolbermoor Ergebnisse Vorl\u00e4ufe, Semifinals, Finals<\/a><\/p>\n<p><b>Archiv Ergebnisse Bayerische BMX Meisterschaften (ab 2006)<\/b><\/p>\n<p><a href=\"http:\/\/s490497976.online.de\/brvblog_new\/wordpress\/wp-content\/uploads\/2016\/01\/2015-ergebnisse-bayerische-bmx-meisterschaft.xls\" rel=\"\">2015-ergebnisse-bayerische-bmx-meisterschaft<\/a><br \/>\n<a href=\"http:\/\/s490497976.online.de\/brvblog_new\/wordpress\/wp-content\/uploads\/2016\/01\/2014-ergebnisse-bayerische-bmx-meisterschaft.xls\" rel=\"\">2014-ergebnisse-bayerische-bmx-meisterschaft<\/a><br \/>\n<a href=\"http:\/\/s490497976.online.de\/brvblog_new\/wordpress\/wp-content\/uploads\/2016\/01\/2013-ergebnisse-bayerische-bmx-meisterschaft.xls\" rel=\"\">2013-ergebnisse-bayerische-bmx-meisterschaft<\/a><br \/>\n<a href=\"http:\/\/s490497976.online.de\/brvblog_new\/wordpress\/wp-content\/uploads\/2016\/01\/2012-ergebnisse-bayerische-bmx-meisterschaft.xls\" rel=\"\">2012-ergebnisse-bayerische-bmx-meisterschaft<\/a><a href=\"http:\/\/s490497976.online.de\/brvblog_new\/wordpress\/wp-content\/uploads\/2016\/01\/2006-ergebnisse-bayerische-bmx-meisterschaft.xls\" rel=\"\"><br \/>\n<\/a><a href=\"http:\/\/s490497976.online.de\/brvblog_new\/wordpress\/wp-content\/uploads\/2016\/01\/2011-ergebnisse-bayerische-bmx-meisterschaft.xls\" rel=\"\">2011-ergebnisse-bayerische-bmx-meisterschaft<br \/>\n<\/a><a href=\"http:\/\/s490497976.online.de\/brvblog_new\/wordpress\/wp-content\/uploads\/2016\/01\/2010-ergebnisse-bayerische-bmx-meisterschaft.xls\" rel=\"\">2010-ergebnisse-bayerische-bmx-meisterschaft<\/a><a href=\"http:\/\/s490497976.online.de\/brvblog_new\/wordpress\/wp-content\/uploads\/2016\/01\/2011-ergebnisse-bayerische-bmx-meisterschaft.xls\" rel=\"\"><br \/>\n<\/a><a href=\"http:\/\/s490497976.online.de\/brvblog_new\/wordpress\/wp-content\/uploads\/2016\/01\/2009-ergebnisse-bayerische-bmx-meisterschaft.xls\" rel=\"\">2009-ergebnisse-bayerische-bmx-meisterschaft<\/a><a href=\"http:\/\/s490497976.online.de\/brvblog_new\/wordpress\/wp-content\/uploads\/2016\/01\/2011-ergebnisse-bayerische-bmx-meisterschaft.xls\" rel=\"\"><br \/>\n<\/a><a href=\"http:\/\/s490497976.online.de\/brvblog_new\/wordpress\/wp-content\/uploads\/2016\/01\/2008-ergebnisse-bayerische-bmx-meisterschaft.xls\" rel=\"\">2008-ergebnisse-bayerische-bmx-meisterschaft<\/a><a href=\"http:\/\/s490497976.online.de\/brvblog_new\/wordpress\/wp-content\/uploads\/2016\/01\/2006-ergebnisse-bayerische-bmx-meisterschaft.xls\" rel=\"\"><br \/>\n<\/a><a href=\"http:\/\/s490497976.online.de\/brvblog_new\/wordpress\/wp-content\/uploads\/2016\/01\/2007-ergebnisse-bayerische-bmx-meisterschaft.xls\" rel=\"\">2007-ergebnisse-bayerische-bmx-meisterschaft<\/a><br \/>\n<a href=\"http:\/\/s490497976.online.de\/brvblog_new\/wordpress\/wp-content\/uploads\/2016\/01\/2006-ergebnisse-bayerische-bmx-meisterschaft.xls\" rel=\"\">2006-ergebnisse-bayerische-bmx-meisterschaft<\/a><\/p>\n","protected":false},"excerpt":{"rendered":"<p>Ergebnisse Bayerische BMX Meisterschaft 2024 F\u00fcrstenfeldbruck Bayerische BMX Meisterschaft 2024 F\u00fcrstenfeldbruck &#8211; Tageswertung Bayerische BMX Meisterschaft 2024 F\u00fcrstenfeldbruck &#8211; Mannschaftstageswertung Bayerische BMX Meisterschaft 2024 F\u00fcrstenfeldbruck &#8211; schnellste FahrerInnen Ergebnisse Bayerische BMX Meisterschaft 2023 K\u00f6nigsbrunn Bayerische BMX Meisterschaft 2023 K\u00f6nigsbrunn &#8211; Ergebnisse Meisterschaft Bayerische BMX Meisterschaft 2023 K\u00f6nigsbrunn &#8211; Ergebnisse Vorl\u00e4ufe und Finals Bayerische BMX Meisterschaft [&hellip;]<\/p>\n","protected":false},"author":1,"featured_media":0,"parent":0,"menu_order":0,"comment_status":"closed","ping_status":"closed","template":"","meta":{"jetpack_post_was_ever_published":false,"footnotes":""},"jetpack_sharing_enabled":true,"jetpack_shortlink":"https:\/\/wp.me\/P77Kxm-d","jetpack-related-posts":[{"id":6,"url":"http:\/\/s490497976.online.de\/brvblog_new\/wordpress\/ergebnisse-bmx-bayernliga\/","url_meta":{"origin":13,"position":0},"title":"Ergebnisse BMX Bayernliga","author":"LFW","date":"12. Januar 2016","format":false,"excerpt":"Ergebnisse Bayernliga 2024 Lauf 10 Weilheim - Endlauf Gesamtwertung 10. Lauf Bayernliga 2024 Weilheim - Gesamtwertung Beginnerklassen 10. Lauf Bayernliga 2024 Weilheim - Gesamtwertung Lizenzklassen 10. Lauf Bayernliga 2024 Weilheim - Gesamtwertung Mannschaft Tageswertung 10. Lauf Bayernliga 2024 Weilheim - Tageswertung 10. Lauf Bayernliga 2024 Weilheim - Tageswertung Mannschaft 10.\u2026","rel":"","context":"\u00c4hnlicher Beitrag","block_context":{"text":"\u00c4hnlicher Beitrag","link":""},"img":{"alt_text":"","src":"","width":0,"height":0},"classes":[]},{"id":16,"url":"http:\/\/s490497976.online.de\/brvblog_new\/wordpress\/rennkalender-2024\/","url_meta":{"origin":13,"position":1},"title":"Rennkalender 2024","author":"LFW","date":"12. Januar 2016","format":false,"excerpt":"Folgende Rennen gehen in die Gesamtwertung der BMX-Bayernliga 2024 ein (Stand 29.01.2024 - vorl\u00e4ufige Termine): ACHTUNG: Nachholtermin 1. Lauf Kolbermoor 21.07.2024\u00a0 ACHTUNG: Rennen in Ingolstadt (14.07.)wird verlegt nach Esselbach!\u00a0 \u00a0 \u00a0 Bayerische BMX-Meisterschaft 2024 F\u00fcrstenfeldbruck- Sonntag, 28.04.2024 (Angaben ohne Gew\u00e4hr und \u00c4nderungen vorbehalten!)","rel":"","context":"\u00c4hnlicher Beitrag","block_context":{"text":"\u00c4hnlicher Beitrag","link":""},"img":{"alt_text":"","src":"https:\/\/i0.wp.com\/s490497976.online.de\/brvblog_new\/wordpress\/wp-content\/uploads\/2024\/06\/Termine-1024x407.png?resize=350%2C200","width":350,"height":200,"srcset":"https:\/\/i0.wp.com\/s490497976.online.de\/brvblog_new\/wordpress\/wp-content\/uploads\/2024\/06\/Termine-1024x407.png?resize=350%2C200 1x, https:\/\/i0.wp.com\/s490497976.online.de\/brvblog_new\/wordpress\/wp-content\/uploads\/2024\/06\/Termine-1024x407.png?resize=525%2C300 1.5x"},"classes":[]},{"id":270,"url":"http:\/\/s490497976.online.de\/brvblog_new\/wordpress\/ergebnisse-bezirksmeisterschaften\/","url_meta":{"origin":13,"position":2},"title":"Sonstige Ergebnisse","author":"LFW","date":"24. Juli 2016","format":false,"excerpt":"Ergebnisse Bezirksmeisterschaften 2024 Ergebnisse Oberbayerische BMX Meisterschaft 2024 Pei\u00dfenberg Ergebnisse Bezirksmeisterschaften 2023 Ergebnisse Oberbayerische BMX-Meisterschaft 2023 F\u00fcrstenfeldbruck Ergebnisse Bezirksmeisterschaften 2022 Ergebnisse Oberbayerische BMX-Meisterschaft 2022 Weilheim Ergebnisse Bezirksmeisterschaften 2021 Ergebnis Oberbayerische Meisterschaft 19.\/20.06.2021 - Pei\u00dfenberg Ergebnisse Bezirksmeisterschaften 2019 Ergebnis Obb Meisterschaft 21.09.2019 Ergebnisse Bezirksmeisterschaften 2018 Ergebnis Oberbayerische Meisterschaft 31.03.2018 - Kolbermoor\u2026","rel":"","context":"\u00c4hnlicher Beitrag","block_context":{"text":"\u00c4hnlicher Beitrag","link":""},"img":{"alt_text":"","src":"","width":0,"height":0},"classes":[]},{"id":80,"url":"http:\/\/s490497976.online.de\/brvblog_new\/wordpress\/reglements\/","url_meta":{"origin":13,"position":3},"title":"Reglements\/Ausschreibungen","author":"LFW","date":"15. Januar 2016","format":false,"excerpt":"2024 2024:Landesverbandsmeisterschaft Bayern in F\u00fcrstenfeldbruck am 28.04.2024 20240304_Ausschreibung Bayerische Meisterschaft 2024_V1 \u00a0 BMX-Bayernliga 2024: Bayernliga-Reglement 2024 final ACHTUNG: 6. Lauf findet am 14.07.2024 in Esselbach statt, nicht in Ingolstadt ACHTUNG: Nachholtermin 1. Lauf Kolbermoor 21.07.2024 F\u00fcr alle Rennen ist eine Online-Meldung erforderlich: Die entsprechenden Anleitungen zu den Onlinemeldungen sind hier\u2026","rel":"","context":"\u00c4hnlicher Beitrag","block_context":{"text":"\u00c4hnlicher Beitrag","link":""},"img":{"alt_text":"","src":"https:\/\/i0.wp.com\/s490497976.online.de\/brvblog_new\/wordpress\/wp-content\/uploads\/2024\/04\/Termine-Online-Meldung-2024-neu-300x140.jpg?resize=350%2C200","width":350,"height":200,"srcset":"https:\/\/i0.wp.com\/s490497976.online.de\/brvblog_new\/wordpress\/wp-content\/uploads\/2024\/04\/Termine-Online-Meldung-2024-neu-300x140.jpg?resize=350%2C200 1x, https:\/\/i0.wp.com\/s490497976.online.de\/brvblog_new\/wordpress\/wp-content\/uploads\/2024\/04\/Termine-Online-Meldung-2024-neu-300x140.jpg?resize=525%2C300 1.5x"},"classes":[]},{"id":268,"url":"http:\/\/s490497976.online.de\/brvblog_new\/wordpress\/ergebnisse-adac-suedbayern-cup\/","url_meta":{"origin":13,"position":4},"title":"Ergebnisse ADAC S\u00fcdbayern Cup","author":"LFW","date":"24. Juli 2016","format":false,"excerpt":"ADAC S\u00fcdbayerische Meisterschaft 2024 6. Lauf Weilheim 6. Lauf ADAC S\u00fcdbayerische Meisterschaft Weilheim - Tageswertung 6. Lauf ADAC S\u00fcdbayerische Meisterschaft Weilheim - Gesamtwertung 6. Lauf ADAC S\u00fcdbayerische Meisterschaft Weilheim - Tageswertung Mannschaft 6. Lauf ADAC S\u00fcdbayerische Meisterschaft Weilheim - Gesamtwertung Mannschaft 6. Lauf ADAC S\u00fcdbayerische Meisterschaft Weilheim - Gesamtwertung einzelne\u2026","rel":"","context":"\u00c4hnlicher Beitrag","block_context":{"text":"\u00c4hnlicher Beitrag","link":""},"img":{"alt_text":"","src":"","width":0,"height":0},"classes":[]},{"id":223,"url":"http:\/\/s490497976.online.de\/brvblog_new\/wordpress\/ergebnisse-sueddeutsche-meisterschaft\/","url_meta":{"origin":13,"position":5},"title":"Ergebnisse S\u00fcddeutsche Meisterschaft","author":"Susanne Lengger","date":"14. Mai 2016","format":false,"excerpt":"Ergebnisse S\u00fcddeutsche Meisterschaft 2024 Weiterstadt S\u00fcddeutsche Meisterschaft 2024 Weiterstadt - Gesamtwertung nach Lauf 2 Lauf 2 - Sonntag 29.09.2024 S\u00fcddeutsche Meisterschaft 2024 Weiterstadt - Tageswertung Lauf 2 S\u00fcddeutsche Meisterschaft 2024 Weiterstadt - Ergebnis Race of the Champions S\u00fcddeutsche Meisterschaft 2024 Weiterstadt - schnellste Zeiten Lauf 2 Lauf 1 - Samstag\u2026","rel":"","context":"\u00c4hnlicher Beitrag","block_context":{"text":"\u00c4hnlicher Beitrag","link":""},"img":{"alt_text":"","src":"","width":0,"height":0},"classes":[]}],"_links":{"self":[{"href":"http:\/\/s490497976.online.de\/brvblog_new\/wordpress\/wp-json\/wp\/v2\/pages\/13"}],"collection":[{"href":"http:\/\/s490497976.online.de\/brvblog_new\/wordpress\/wp-json\/wp\/v2\/pages"}],"about":[{"href":"http:\/\/s490497976.online.de\/brvblog_new\/wordpress\/wp-json\/wp\/v2\/types\/page"}],"author":[{"embeddable":true,"href":"http:\/\/s490497976.online.de\/brvblog_new\/wordpress\/wp-json\/wp\/v2\/users\/1"}],"replies":[{"embeddable":true,"href":"http:\/\/s490497976.online.de\/brvblog_new\/wordpress\/wp-json\/wp\/v2\/comments?post=13"}],"version-history":[{"count":25,"href":"http:\/\/s490497976.online.de\/brvblog_new\/wordpress\/wp-json\/wp\/v2\/pages\/13\/revisions"}],"predecessor-version":[{"id":2172,"href":"http:\/\/s490497976.online.de\/brvblog_new\/wordpress\/wp-json\/wp\/v2\/pages\/13\/revisions\/2172"}],"wp:attachment":[{"href":"http:\/\/s490497976.online.de\/brvblog_new\/wordpress\/wp-json\/wp\/v2\/media?parent=13"}],"curies":[{"name":"wp","href":"https:\/\/api.w.org\/{rel}","templated":true}]}}