{"id":270,"date":"2016-07-24T15:59:34","date_gmt":"2016-07-24T13:59:34","guid":{"rendered":"http:\/\/s490497976.online.de\/brvblog_new\/wordpress\/?page_id=270"},"modified":"2024-07-07T21:34:54","modified_gmt":"2024-07-07T19:34:54","slug":"ergebnisse-bezirksmeisterschaften","status":"publish","type":"page","link":"http:\/\/s490497976.online.de\/brvblog_new\/wordpress\/ergebnisse-bezirksmeisterschaften\/","title":{"rendered":"Sonstige Ergebnisse"},"content":{"rendered":"<p><strong>Ergebnisse Bezirksmeisterschaften 2024<\/strong><\/p>\n<p><a href=\"http:\/\/s490497976.online.de\/brvblog_new\/wordpress\/wp-content\/uploads\/2024\/07\/Ergebnisse-Oberbayerische-BMX-Meisterschaft-2024-Peissenberg.pdf\">Ergebnisse Oberbayerische BMX Meisterschaft 2024 Pei\u00dfenberg<\/a><\/p>\n<p><strong>Ergebnisse Bezirksmeisterschaften 2023<\/strong><\/p>\n<p><a href=\"http:\/\/s490497976.online.de\/brvblog_new\/wordpress\/wp-content\/uploads\/2023\/06\/Ergebnisse-Oberbayerische-BMX-Meisterschaft-2023-17.06.2023-Fuerstenfeldbruck.pdf\">Ergebnisse Oberbayerische BMX-Meisterschaft 2023 F\u00fcrstenfeldbruck<\/a><\/p>\n<p><strong>Ergebnisse Bezirksmeisterschaften 2022<\/strong><\/p>\n<p><a href=\"http:\/\/s490497976.online.de\/brvblog_new\/wordpress\/wp-content\/uploads\/2022\/06\/Ergebnisse-Oberbayerische-BMX-Meisterschaft-2022-Weilheim-1.pdf\">Ergebnisse Oberbayerische BMX-Meisterschaft 2022 Weilheim<\/a><\/p>\n<p><strong>Ergebnisse Bezirksmeisterschaften 2021<\/strong><\/p>\n<p><a href=\"http:\/\/s490497976.online.de\/brvblog_new\/wordpress\/wp-content\/uploads\/2021\/06\/Ergebnisse-Oberbayerische-BMX-Meisterschaft-2021-Peissenberg.pdf\">Ergebnis Oberbayerische Meisterschaft 19.\/20.06.2021 &#8211; Pei\u00dfenberg<\/a><\/p>\n<p><strong>Ergebnisse Bezirksmeisterschaften 2019<\/strong><\/p>\n<p><a href=\"http:\/\/s490497976.online.de\/brvblog_new\/wordpress\/wp-content\/uploads\/2019\/09\/Ergebnis-Obb-Meisterschaft-21.09.2019.pdf\">Ergebnis Obb Meisterschaft 21.09.2019<\/a><\/p>\n<p><strong>Ergebnisse Bezirksmeisterschaften 2018<\/strong><\/p>\n<p><a href=\"http:\/\/s490497976.online.de\/brvblog_new\/wordpress\/wp-content\/uploads\/2016\/07\/Ergebnis-Oberbayerische-Meisterschaft-31.03.2018-Kolbermoor.pdf\" rel=\"\">Ergebnis Oberbayerische Meisterschaft 31.03.2018 &#8211; Kolbermoor<\/a><\/p>\n<p><strong>Ergebnisse Bezirksmeisterschaften 2017<\/strong><\/p>\n<p><a href=\"http:\/\/s490497976.online.de\/brvblog_new\/wordpress\/wp-content\/uploads\/2016\/07\/Ergebnisse-Oberbayerische-Meisterschaft-2017-F\u00fcrstenfeldbruck.pdf\" rel=\"\">Ergebnis Oberbayerische Meisterschaft\u00a023.07.2017\u00a0&#8211; F\u00fcrstenfeldbruck<\/a><\/p>\n<p><strong>Ergebnisse Bezirksmeisterschaften 2016<\/strong><\/p>\n<p><a href=\"http:\/\/s490497976.online.de\/brvblog_new\/wordpress\/wp-content\/uploads\/2016\/07\/Ergebnis-Obb-Meisterschaft-23.07.2016-Weilheim-1.pdf\" rel=\"\">Ergebnis Obb Meisterschaft 23.07.2016 &#8211; Weilheim<\/a><\/p>\n<p><strong>Ergebnisse Alpe Adria Cup 2016<\/strong><\/p>\n<p><a href=\"http:\/\/s490497976.online.de\/brvblog_new\/wordpress\/wp-content\/uploads\/2016\/07\/Alpe-Adria-Results-Round-9-Kolbermoor.pdf\" rel=\"\">Alpe Adria Results Round 9 Kolbermoor<\/a> &#8211; pdf &#8211; 30.07.2016<br \/>\n<a href=\"http:\/\/s490497976.online.de\/brvblog_new\/wordpress\/wp-content\/uploads\/2016\/07\/Alpe-Adria-Results-Round-10-Kolbermoor.pdf\" rel=\"\">Alpe Adria Results Round 10 Kolbermoor<\/a>\u00a0&#8211; pdf &#8211; 31.07.2016<\/p>\n<p><a href=\"http:\/\/s490497976.online.de\/brvblog_new\/wordpress\/wp-content\/uploads\/2016\/07\/Alpe-Adria-Results-Round-9-Kolbermoor.htm\" rel=\"\">Alpe Adria Results Round 9 Kolbermoor<\/a>\u00a0&#8211; html &#8211; 30.07.2016<br \/>\n<a href=\"http:\/\/s490497976.online.de\/brvblog_new\/wordpress\/wp-content\/uploads\/2016\/07\/Alpe-Adria-Results-Round-10-Kolbermoor.htm\" rel=\"\">Alpe Adria Results Round 10 Kolbermoor<\/a> &#8211; html &#8211; 31.07.2016<\/p>\n","protected":false},"excerpt":{"rendered":"<p>Ergebnisse Bezirksmeisterschaften 2024 Ergebnisse Oberbayerische BMX Meisterschaft 2024 Pei\u00dfenberg Ergebnisse Bezirksmeisterschaften 2023 Ergebnisse Oberbayerische BMX-Meisterschaft 2023 F\u00fcrstenfeldbruck Ergebnisse Bezirksmeisterschaften 2022 Ergebnisse Oberbayerische BMX-Meisterschaft 2022 Weilheim Ergebnisse Bezirksmeisterschaften 2021 Ergebnis Oberbayerische Meisterschaft 19.\/20.06.2021 &#8211; Pei\u00dfenberg Ergebnisse Bezirksmeisterschaften 2019 Ergebnis Obb Meisterschaft 21.09.2019 Ergebnisse Bezirksmeisterschaften 2018 Ergebnis Oberbayerische Meisterschaft 31.03.2018 &#8211; Kolbermoor Ergebnisse Bezirksmeisterschaften 2017 Ergebnis Oberbayerische [&hellip;]<\/p>\n","protected":false},"author":1,"featured_media":0,"parent":0,"menu_order":0,"comment_status":"closed","ping_status":"closed","template":"","meta":{"jetpack_post_was_ever_published":false,"footnotes":""},"jetpack_sharing_enabled":true,"jetpack_shortlink":"https:\/\/wp.me\/P77Kxm-4m","jetpack-related-posts":[{"id":13,"url":"http:\/\/s490497976.online.de\/brvblog_new\/wordpress\/ergebnisse-bayerische-meisterschaften\/","url_meta":{"origin":270,"position":0},"title":"Ergebnisse Bay. Meisterschaften","author":"LFW","date":"12. Januar 2016","format":false,"excerpt":"Ergebnisse Bayerische BMX Meisterschaft 2024 F\u00fcrstenfeldbruck Bayerische BMX Meisterschaft 2024 F\u00fcrstenfeldbruck - Tageswertung Bayerische BMX Meisterschaft 2024 F\u00fcrstenfeldbruck - Mannschaftstageswertung Bayerische BMX Meisterschaft 2024 F\u00fcrstenfeldbruck - schnellste FahrerInnen Ergebnisse Bayerische BMX Meisterschaft 2023 K\u00f6nigsbrunn Bayerische BMX Meisterschaft 2023 K\u00f6nigsbrunn - Ergebnisse Meisterschaft Bayerische BMX Meisterschaft 2023 K\u00f6nigsbrunn - Ergebnisse Vorl\u00e4ufe\u2026","rel":"","context":"\u00c4hnlicher Beitrag","block_context":{"text":"\u00c4hnlicher Beitrag","link":""},"img":{"alt_text":"","src":"","width":0,"height":0},"classes":[]},{"id":223,"url":"http:\/\/s490497976.online.de\/brvblog_new\/wordpress\/ergebnisse-sueddeutsche-meisterschaft\/","url_meta":{"origin":270,"position":1},"title":"Ergebnisse S\u00fcddeutsche Meisterschaft","author":"Susanne Lengger","date":"14. Mai 2016","format":false,"excerpt":"Ergebnisse S\u00fcddeutsche Meisterschaft 2024 Weiterstadt S\u00fcddeutsche Meisterschaft 2024 Weiterstadt - Gesamtwertung nach Lauf 2 Lauf 2 - Sonntag 29.09.2024 S\u00fcddeutsche Meisterschaft 2024 Weiterstadt - Tageswertung Lauf 2 S\u00fcddeutsche Meisterschaft 2024 Weiterstadt - Ergebnis Race of the Champions S\u00fcddeutsche Meisterschaft 2024 Weiterstadt - schnellste Zeiten Lauf 2 Lauf 1 - Samstag\u2026","rel":"","context":"\u00c4hnlicher Beitrag","block_context":{"text":"\u00c4hnlicher Beitrag","link":""},"img":{"alt_text":"","src":"","width":0,"height":0},"classes":[]},{"id":268,"url":"http:\/\/s490497976.online.de\/brvblog_new\/wordpress\/ergebnisse-adac-suedbayern-cup\/","url_meta":{"origin":270,"position":2},"title":"Ergebnisse ADAC S\u00fcdbayern Cup","author":"LFW","date":"24. Juli 2016","format":false,"excerpt":"ADAC S\u00fcdbayerische Meisterschaft 2024 6. Lauf Weilheim 6. Lauf ADAC S\u00fcdbayerische Meisterschaft Weilheim - Tageswertung 6. Lauf ADAC S\u00fcdbayerische Meisterschaft Weilheim - Gesamtwertung 6. Lauf ADAC S\u00fcdbayerische Meisterschaft Weilheim - Tageswertung Mannschaft 6. Lauf ADAC S\u00fcdbayerische Meisterschaft Weilheim - Gesamtwertung Mannschaft 6. Lauf ADAC S\u00fcdbayerische Meisterschaft Weilheim - Gesamtwertung einzelne\u2026","rel":"","context":"\u00c4hnlicher Beitrag","block_context":{"text":"\u00c4hnlicher Beitrag","link":""},"img":{"alt_text":"","src":"","width":0,"height":0},"classes":[]},{"id":80,"url":"http:\/\/s490497976.online.de\/brvblog_new\/wordpress\/reglements\/","url_meta":{"origin":270,"position":3},"title":"Reglements\/Ausschreibungen","author":"LFW","date":"15. Januar 2016","format":false,"excerpt":"2024 2024:Landesverbandsmeisterschaft Bayern in F\u00fcrstenfeldbruck am 28.04.2024 20240304_Ausschreibung Bayerische Meisterschaft 2024_V1 \u00a0 BMX-Bayernliga 2024: Bayernliga-Reglement 2024 final ACHTUNG: 6. Lauf findet am 14.07.2024 in Esselbach statt, nicht in Ingolstadt ACHTUNG: Nachholtermin 1. Lauf Kolbermoor 21.07.2024 F\u00fcr alle Rennen ist eine Online-Meldung erforderlich: Die entsprechenden Anleitungen zu den Onlinemeldungen sind hier\u2026","rel":"","context":"\u00c4hnlicher Beitrag","block_context":{"text":"\u00c4hnlicher Beitrag","link":""},"img":{"alt_text":"","src":"https:\/\/i0.wp.com\/s490497976.online.de\/brvblog_new\/wordpress\/wp-content\/uploads\/2024\/04\/Termine-Online-Meldung-2024-neu-300x140.jpg?resize=350%2C200","width":350,"height":200,"srcset":"https:\/\/i0.wp.com\/s490497976.online.de\/brvblog_new\/wordpress\/wp-content\/uploads\/2024\/04\/Termine-Online-Meldung-2024-neu-300x140.jpg?resize=350%2C200 1x, https:\/\/i0.wp.com\/s490497976.online.de\/brvblog_new\/wordpress\/wp-content\/uploads\/2024\/04\/Termine-Online-Meldung-2024-neu-300x140.jpg?resize=525%2C300 1.5x"},"classes":[]},{"id":6,"url":"http:\/\/s490497976.online.de\/brvblog_new\/wordpress\/ergebnisse-bmx-bayernliga\/","url_meta":{"origin":270,"position":4},"title":"Ergebnisse BMX Bayernliga","author":"LFW","date":"12. Januar 2016","format":false,"excerpt":"Ergebnisse Bayernliga 2024 Lauf 10 Weilheim - Endlauf Gesamtwertung 10. Lauf Bayernliga 2024 Weilheim - Gesamtwertung Beginnerklassen 10. Lauf Bayernliga 2024 Weilheim - Gesamtwertung Lizenzklassen 10. Lauf Bayernliga 2024 Weilheim - Gesamtwertung Mannschaft Tageswertung 10. Lauf Bayernliga 2024 Weilheim - Tageswertung 10. Lauf Bayernliga 2024 Weilheim - Tageswertung Mannschaft 10.\u2026","rel":"","context":"\u00c4hnlicher Beitrag","block_context":{"text":"\u00c4hnlicher Beitrag","link":""},"img":{"alt_text":"","src":"","width":0,"height":0},"classes":[]},{"id":16,"url":"http:\/\/s490497976.online.de\/brvblog_new\/wordpress\/rennkalender-2024\/","url_meta":{"origin":270,"position":5},"title":"Rennkalender 2024","author":"LFW","date":"12. Januar 2016","format":false,"excerpt":"Folgende Rennen gehen in die Gesamtwertung der BMX-Bayernliga 2024 ein (Stand 29.01.2024 - vorl\u00e4ufige Termine): ACHTUNG: Nachholtermin 1. Lauf Kolbermoor 21.07.2024\u00a0 ACHTUNG: Rennen in Ingolstadt (14.07.)wird verlegt nach Esselbach!\u00a0 \u00a0 \u00a0 Bayerische BMX-Meisterschaft 2024 F\u00fcrstenfeldbruck- Sonntag, 28.04.2024 (Angaben ohne Gew\u00e4hr und \u00c4nderungen vorbehalten!)","rel":"","context":"\u00c4hnlicher Beitrag","block_context":{"text":"\u00c4hnlicher Beitrag","link":""},"img":{"alt_text":"","src":"https:\/\/i0.wp.com\/s490497976.online.de\/brvblog_new\/wordpress\/wp-content\/uploads\/2024\/06\/Termine-1024x407.png?resize=350%2C200","width":350,"height":200,"srcset":"https:\/\/i0.wp.com\/s490497976.online.de\/brvblog_new\/wordpress\/wp-content\/uploads\/2024\/06\/Termine-1024x407.png?resize=350%2C200 1x, https:\/\/i0.wp.com\/s490497976.online.de\/brvblog_new\/wordpress\/wp-content\/uploads\/2024\/06\/Termine-1024x407.png?resize=525%2C300 1.5x"},"classes":[]}],"_links":{"self":[{"href":"http:\/\/s490497976.online.de\/brvblog_new\/wordpress\/wp-json\/wp\/v2\/pages\/270"}],"collection":[{"href":"http:\/\/s490497976.online.de\/brvblog_new\/wordpress\/wp-json\/wp\/v2\/pages"}],"about":[{"href":"http:\/\/s490497976.online.de\/brvblog_new\/wordpress\/wp-json\/wp\/v2\/types\/page"}],"author":[{"embeddable":true,"href":"http:\/\/s490497976.online.de\/brvblog_new\/wordpress\/wp-json\/wp\/v2\/users\/1"}],"replies":[{"embeddable":true,"href":"http:\/\/s490497976.online.de\/brvblog_new\/wordpress\/wp-json\/wp\/v2\/comments?post=270"}],"version-history":[{"count":16,"href":"http:\/\/s490497976.online.de\/brvblog_new\/wordpress\/wp-json\/wp\/v2\/pages\/270\/revisions"}],"predecessor-version":[{"id":2253,"href":"http:\/\/s490497976.online.de\/brvblog_new\/wordpress\/wp-json\/wp\/v2\/pages\/270\/revisions\/2253"}],"wp:attachment":[{"href":"http:\/\/s490497976.online.de\/brvblog_new\/wordpress\/wp-json\/wp\/v2\/media?parent=270"}],"curies":[{"name":"wp","href":"https:\/\/api.w.org\/{rel}","templated":true}]}}