{"id":103,"date":"2015-02-08T12:35:14","date_gmt":"2015-02-08T12:35:14","guid":{"rendered":"http:\/\/crupishop.apps-1and1.net\/?page_id=103"},"modified":"2015-02-22T22:42:10","modified_gmt":"2015-02-22T21:42:10","slug":"levin-blanke-2013","status":"publish","type":"page","link":"http:\/\/s490497976.online.de\/wordpress\/team-info\/levin-blanke-2013\/","title":{"rendered":"levin blanke &#8211; 2013"},"content":{"rendered":"<h5>Levin f\u00e4hrt seit seinem 6ten Lebensjahr BMX. Bei der Stadtmeisterschaft Herzogenaurach 2003 fuhr er sein erstes Rennen, 2004 und 2005 wurde mit viel Enthusiasmus, als Anf\u00e4nger, kaum ein Lauf im Bayernpokal ausgelassen. Der Grundstein f\u00fcr einen erfolgreichen Start in die Bundesliga war gelegt worden.<\/h5>\n<h5>2006 wechselte Levin zu den Lizenzfahrern, die Anreise zu en Rennen wurde l\u00e4nger die Gegner st\u00e4rker. Die vielen Wettkampfe und die erfahreneren Rivalen f\u00f6rderten und forderten sein K\u00f6nnen und Siegeswillen.<\/h5>\n<h5>Levin geh\u00f6rt seit 2009 dem Bayernkader an. Die extra Trainingseinheiten und das Wintertraining f\u00f6rderten seine F\u00e4higkeiten. Er wurde mehrfach Bayrischer Vizemeister und 2010 und 2012 in Erlangen und Kornwestheim belegte er den 4 Platz bei den Deutschen Meisterschaften.<\/h5>\n<h5><\/h5>\n","protected":false},"excerpt":{"rendered":"<p>Levin f\u00e4hrt seit seinem 6ten Lebensjahr BMX. Bei der Stadtmeisterschaft Herzogenaurach 2003 fuhr er sein erstes Rennen, 2004 und 2005 wurde mit viel Enthusiasmus, als Anf\u00e4nger, kaum ein Lauf im Bayernpokal ausgelassen. Der Grundstein f\u00fcr einen erfolgreichen Start in die Bundesliga war gelegt worden. 2006 wechselte Levin zu den Lizenzfahrern, die Anreise zu en Rennen&#8230; <\/p>\n<div class=\"read-more navbutton\"><a href=\"http:\/\/s490497976.online.de\/wordpress\/team-info\/levin-blanke-2013\/\">Read More<i class=\"fa fa-angle-double-right\"><\/i><\/a><\/div>\n","protected":false},"author":1,"featured_media":0,"parent":27,"menu_order":13,"comment_status":"closed","ping_status":"closed","template":"","meta":{"_mi_skip_tracking":false,"jetpack_post_was_ever_published":false},"yoast_head":"<!-- This site is optimized with the Yoast SEO plugin v19.11 - https:\/\/yoast.com\/wordpress\/plugins\/seo\/ -->\n<title>levin blanke - 2013 - BMX-Racing Germany<\/title>\n<meta name=\"robots\" content=\"index, follow, max-snippet:-1, max-image-preview:large, max-video-preview:-1\" \/>\n<link rel=\"canonical\" href=\"http:\/\/s490497976.online.de\/wordpress\/team-info\/levin-blanke-2013\/\" \/>\n<meta property=\"og:locale\" content=\"de_DE\" \/>\n<meta property=\"og:type\" content=\"article\" \/>\n<meta property=\"og:title\" content=\"levin blanke - 2013 - BMX-Racing Germany\" \/>\n<meta property=\"og:description\" content=\"Levin f\u00e4hrt seit seinem 6ten Lebensjahr BMX. Bei der Stadtmeisterschaft Herzogenaurach 2003 fuhr er sein erstes Rennen, 2004 und 2005 wurde mit viel Enthusiasmus, als Anf\u00e4nger, kaum ein Lauf im Bayernpokal ausgelassen. Der Grundstein f\u00fcr einen erfolgreichen Start in die Bundesliga war gelegt worden. 2006 wechselte Levin zu den Lizenzfahrern, die Anreise zu en Rennen... Read More\" \/>\n<meta property=\"og:url\" content=\"http:\/\/s490497976.online.de\/wordpress\/team-info\/levin-blanke-2013\/\" \/>\n<meta property=\"og:site_name\" content=\"BMX-Racing Germany\" \/>\n<meta property=\"article:modified_time\" content=\"2015-02-22T21:42:10+00:00\" \/>\n<meta name=\"twitter:label1\" content=\"Gesch\u00e4tzte Lesezeit\" \/>\n\t<meta name=\"twitter:data1\" content=\"1\u00a0Minute\" \/>\n<script type=\"application\/ld+json\" class=\"yoast-schema-graph\">{\"@context\":\"https:\/\/schema.org\",\"@graph\":[{\"@type\":\"WebPage\",\"@id\":\"http:\/\/s490497976.online.de\/wordpress\/team-info\/levin-blanke-2013\/\",\"url\":\"http:\/\/s490497976.online.de\/wordpress\/team-info\/levin-blanke-2013\/\",\"name\":\"levin blanke - 2013 - BMX-Racing Germany\",\"isPartOf\":{\"@id\":\"http:\/\/s490497976.online.de\/wordpress\/#website\"},\"datePublished\":\"2015-02-08T12:35:14+00:00\",\"dateModified\":\"2015-02-22T21:42:10+00:00\",\"breadcrumb\":{\"@id\":\"http:\/\/s490497976.online.de\/wordpress\/team-info\/levin-blanke-2013\/#breadcrumb\"},\"inLanguage\":\"de\",\"potentialAction\":[{\"@type\":\"ReadAction\",\"target\":[\"http:\/\/s490497976.online.de\/wordpress\/team-info\/levin-blanke-2013\/\"]}]},{\"@type\":\"BreadcrumbList\",\"@id\":\"http:\/\/s490497976.online.de\/wordpress\/team-info\/levin-blanke-2013\/#breadcrumb\",\"itemListElement\":[{\"@type\":\"ListItem\",\"position\":1,\"name\":\"Home\",\"item\":\"http:\/\/s490497976.online.de\/wordpress\/\"},{\"@type\":\"ListItem\",\"position\":2,\"name\":\"team info\",\"item\":\"http:\/\/s490497976.online.de\/wordpress\/team-info\/\"},{\"@type\":\"ListItem\",\"position\":3,\"name\":\"levin blanke &#8211; 2013\"}]},{\"@type\":\"WebSite\",\"@id\":\"http:\/\/s490497976.online.de\/wordpress\/#website\",\"url\":\"http:\/\/s490497976.online.de\/wordpress\/\",\"name\":\"BMX-Racing Germany\",\"description\":\"Welcome to CRUPI-Team-Germany!\",\"potentialAction\":[{\"@type\":\"SearchAction\",\"target\":{\"@type\":\"EntryPoint\",\"urlTemplate\":\"http:\/\/s490497976.online.de\/wordpress\/?s={search_term_string}\"},\"query-input\":\"required name=search_term_string\"}],\"inLanguage\":\"de\"}]}<\/script>\n<!-- \/ Yoast SEO plugin. -->","yoast_head_json":{"title":"levin blanke - 2013 - BMX-Racing Germany","robots":{"index":"index","follow":"follow","max-snippet":"max-snippet:-1","max-image-preview":"max-image-preview:large","max-video-preview":"max-video-preview:-1"},"canonical":"http:\/\/s490497976.online.de\/wordpress\/team-info\/levin-blanke-2013\/","og_locale":"de_DE","og_type":"article","og_title":"levin blanke - 2013 - BMX-Racing Germany","og_description":"Levin f\u00e4hrt seit seinem 6ten Lebensjahr BMX. Bei der Stadtmeisterschaft Herzogenaurach 2003 fuhr er sein erstes Rennen, 2004 und 2005 wurde mit viel Enthusiasmus, als Anf\u00e4nger, kaum ein Lauf im Bayernpokal ausgelassen. Der Grundstein f\u00fcr einen erfolgreichen Start in die Bundesliga war gelegt worden. 2006 wechselte Levin zu den Lizenzfahrern, die Anreise zu en Rennen... Read More","og_url":"http:\/\/s490497976.online.de\/wordpress\/team-info\/levin-blanke-2013\/","og_site_name":"BMX-Racing Germany","article_modified_time":"2015-02-22T21:42:10+00:00","twitter_misc":{"Gesch\u00e4tzte Lesezeit":"1\u00a0Minute"},"schema":{"@context":"https:\/\/schema.org","@graph":[{"@type":"WebPage","@id":"http:\/\/s490497976.online.de\/wordpress\/team-info\/levin-blanke-2013\/","url":"http:\/\/s490497976.online.de\/wordpress\/team-info\/levin-blanke-2013\/","name":"levin blanke - 2013 - BMX-Racing Germany","isPartOf":{"@id":"http:\/\/s490497976.online.de\/wordpress\/#website"},"datePublished":"2015-02-08T12:35:14+00:00","dateModified":"2015-02-22T21:42:10+00:00","breadcrumb":{"@id":"http:\/\/s490497976.online.de\/wordpress\/team-info\/levin-blanke-2013\/#breadcrumb"},"inLanguage":"de","potentialAction":[{"@type":"ReadAction","target":["http:\/\/s490497976.online.de\/wordpress\/team-info\/levin-blanke-2013\/"]}]},{"@type":"BreadcrumbList","@id":"http:\/\/s490497976.online.de\/wordpress\/team-info\/levin-blanke-2013\/#breadcrumb","itemListElement":[{"@type":"ListItem","position":1,"name":"Home","item":"http:\/\/s490497976.online.de\/wordpress\/"},{"@type":"ListItem","position":2,"name":"team info","item":"http:\/\/s490497976.online.de\/wordpress\/team-info\/"},{"@type":"ListItem","position":3,"name":"levin blanke &#8211; 2013"}]},{"@type":"WebSite","@id":"http:\/\/s490497976.online.de\/wordpress\/#website","url":"http:\/\/s490497976.online.de\/wordpress\/","name":"BMX-Racing Germany","description":"Welcome to CRUPI-Team-Germany!","potentialAction":[{"@type":"SearchAction","target":{"@type":"EntryPoint","urlTemplate":"http:\/\/s490497976.online.de\/wordpress\/?s={search_term_string}"},"query-input":"required name=search_term_string"}],"inLanguage":"de"}]}},"jetpack_sharing_enabled":true,"jetpack_shortlink":"https:\/\/wp.me\/P7nO8R-1F","_links":{"self":[{"href":"http:\/\/s490497976.online.de\/wordpress\/wp-json\/wp\/v2\/pages\/103"}],"collection":[{"href":"http:\/\/s490497976.online.de\/wordpress\/wp-json\/wp\/v2\/pages"}],"about":[{"href":"http:\/\/s490497976.online.de\/wordpress\/wp-json\/wp\/v2\/types\/page"}],"author":[{"embeddable":true,"href":"http:\/\/s490497976.online.de\/wordpress\/wp-json\/wp\/v2\/users\/1"}],"replies":[{"embeddable":true,"href":"http:\/\/s490497976.online.de\/wordpress\/wp-json\/wp\/v2\/comments?post=103"}],"version-history":[{"count":2,"href":"http:\/\/s490497976.online.de\/wordpress\/wp-json\/wp\/v2\/pages\/103\/revisions"}],"predecessor-version":[{"id":341,"href":"http:\/\/s490497976.online.de\/wordpress\/wp-json\/wp\/v2\/pages\/103\/revisions\/341"}],"up":[{"embeddable":true,"href":"http:\/\/s490497976.online.de\/wordpress\/wp-json\/wp\/v2\/pages\/27"}],"wp:attachment":[{"href":"http:\/\/s490497976.online.de\/wordpress\/wp-json\/wp\/v2\/media?parent=103"}],"curies":[{"name":"wp","href":"https:\/\/api.w.org\/{rel}","templated":true}]}}