{"id":105,"date":"2015-02-08T12:37:00","date_gmt":"2015-02-08T12:37:00","guid":{"rendered":"http:\/\/crupishop.apps-1and1.net\/?page_id=105"},"modified":"2015-02-22T22:43:15","modified_gmt":"2015-02-22T21:43:15","slug":"niklas-bachsleitner-2011","status":"publish","type":"page","link":"http:\/\/s490497976.online.de\/wordpress\/team-info\/niklas-bachsleitner-2011\/","title":{"rendered":"niklas bachsleitner &#8211; 2011"},"content":{"rendered":"<h5>Niklas Bachsleitner sah im Alter von 5 Jahren das erste Mal eine BMX Bahn. Seit diesem Moment ist ein Leben ohne BMX undenkbar.<\/h5>\n<h5>Im Herbst 2001 wurde sofort das Training begonnen. Am Anfang hatte er oft Schwierigkeiten \u00fcberhaupt \u00fcber die Hindernisse zu kommen. Doch trotz vieler St\u00fcrze, wuchs seine Begeisterung mit jedem Training.<\/h5>\n<h5>Aufgrund der Winterpause konnte er etwas an Gr\u00f6\u00dfe und Kraft zulegen.<\/h5>\n<h5>Im Fr\u00fchjahr 2002 startete Niklas dann in den Anf\u00e4ngerklassen seiner Altersgruppe bei regionalen Rennen. Nach fast jedem Rennen stand er bei den Siegerehrungen auf dem Podest.<\/h5>\n<h5>2002 erreichte er (als \u00e4lterer Jahrgang), bei der Bayernpokalserie Platz 2.<\/h5>\n<h5>2003 erreichte er (als j\u00fcngerer Jahrgang), bei Bayernpokalserie Platz 3.<\/h5>\n<h5>2004 erreichte er (als \u00e4lterer Jahrgang), bei der Bayernpokalserie Platz 1, und bei der S\u00fcdbayrische Serie Platz 2<\/h5>\n<h5>2005 stieg Niklas in den Lizenzsport ein. So konnte er auch an den Bundesliga Rennen teilnehmen.<\/h5>\n<h5>2005 erreichte er (als j\u00fcngerer Jahrgang), bei der Bayernpokalserie und bei der S\u00fcdbayrischen Serie diverse Stockerlpl\u00e4tze, doch eine Blinddarm OP mit 6 Wochen Pause bremste seine Erfolgsserie aus, bei der Bundesrangliste errang er trotzdem noch Platz 12.<\/h5>\n<h5>2006 erreichte er als (\u00e4lterer Jahrgang), bei der Bayernpokalserie Platz 2, bei der Deutschen Meisterschaft Platz 5, bei der Bundesrangliste belegte er Platz 9.<\/h5>\n<h5>2007 (als j\u00fcngerer Jahrgang), konnte er wegen diversen Verletzungen und Skirennen nicht die gesamte Bayernpokalserie und S\u00fcdbayrische Serie fahren, bei der Bundesrangliste belegte er Platz 14.<\/h5>\n<h5>2008 erreichte er (als \u00e4lterer Jahrgang), in der Bayernpokalserie Platz 2, der S\u00fcdbayrischen Serie Platz 2<br \/>\nDeutsche Meisterschaft 7, Bundesrangliste 7, Bundesnachwuchscup Deutschland Platz 5.<\/h5>\n<h5>2009 ist wieder ein Jahr im j\u00fcngeren Jahrgang, aufgrund seiner geringeren Gr\u00f6\u00dfe, gegen\u00fcber seinen Konkurrenten, muss er sich mit seiner tollen Technik gegen seine Mitfahrer behaupten, aber mit Crupi wird dies sicher super gelingen.<\/h5>\n<h5>Niklas f\u00e4hrt im Winter in der Leistungsgruppe Alpin Ski, deshalb kreuzen sich im Fr\u00fchjahr und im Herbst manche Rennen, da muss er dann immer entscheiden ob BMX- Punkte oder Ski-Punkte wichtiger sind.<\/h5>\n<h5>Niklas ist f\u00fcr 2009 als Crupi Fahrer hoch motiviert und freut sich auf die kommende Saison.<\/h5>\n<h5><\/h5>\n<h5><\/h5>\n","protected":false},"excerpt":{"rendered":"<p>Niklas Bachsleitner sah im Alter von 5 Jahren das erste Mal eine BMX Bahn. Seit diesem Moment ist ein Leben ohne BMX undenkbar. Im Herbst 2001 wurde sofort das Training begonnen. Am Anfang hatte er oft Schwierigkeiten \u00fcberhaupt \u00fcber die Hindernisse zu kommen. Doch trotz vieler St\u00fcrze, wuchs seine Begeisterung mit jedem Training. Aufgrund der&#8230; <\/p>\n<div class=\"read-more navbutton\"><a href=\"http:\/\/s490497976.online.de\/wordpress\/team-info\/niklas-bachsleitner-2011\/\">Read More<i class=\"fa fa-angle-double-right\"><\/i><\/a><\/div>\n","protected":false},"author":1,"featured_media":0,"parent":27,"menu_order":14,"comment_status":"closed","ping_status":"closed","template":"","meta":{"_mi_skip_tracking":false,"jetpack_post_was_ever_published":false},"yoast_head":"<!-- This site is optimized with the Yoast SEO plugin v19.11 - https:\/\/yoast.com\/wordpress\/plugins\/seo\/ -->\n<title>niklas bachsleitner - 2011 - BMX-Racing Germany<\/title>\n<meta name=\"robots\" content=\"index, follow, max-snippet:-1, max-image-preview:large, max-video-preview:-1\" \/>\n<link rel=\"canonical\" href=\"http:\/\/s490497976.online.de\/wordpress\/team-info\/niklas-bachsleitner-2011\/\" \/>\n<meta property=\"og:locale\" content=\"de_DE\" \/>\n<meta property=\"og:type\" content=\"article\" \/>\n<meta property=\"og:title\" content=\"niklas bachsleitner - 2011 - BMX-Racing Germany\" \/>\n<meta property=\"og:description\" content=\"Niklas Bachsleitner sah im Alter von 5 Jahren das erste Mal eine BMX Bahn. Seit diesem Moment ist ein Leben ohne BMX undenkbar. Im Herbst 2001 wurde sofort das Training begonnen. Am Anfang hatte er oft Schwierigkeiten \u00fcberhaupt \u00fcber die Hindernisse zu kommen. Doch trotz vieler St\u00fcrze, wuchs seine Begeisterung mit jedem Training. Aufgrund der... Read More\" \/>\n<meta property=\"og:url\" content=\"http:\/\/s490497976.online.de\/wordpress\/team-info\/niklas-bachsleitner-2011\/\" \/>\n<meta property=\"og:site_name\" content=\"BMX-Racing Germany\" \/>\n<meta property=\"article:modified_time\" content=\"2015-02-22T21:43:15+00:00\" \/>\n<meta name=\"twitter:label1\" content=\"Gesch\u00e4tzte Lesezeit\" \/>\n\t<meta name=\"twitter:data1\" content=\"2\u00a0Minuten\" \/>\n<script type=\"application\/ld+json\" class=\"yoast-schema-graph\">{\"@context\":\"https:\/\/schema.org\",\"@graph\":[{\"@type\":\"WebPage\",\"@id\":\"http:\/\/s490497976.online.de\/wordpress\/team-info\/niklas-bachsleitner-2011\/\",\"url\":\"http:\/\/s490497976.online.de\/wordpress\/team-info\/niklas-bachsleitner-2011\/\",\"name\":\"niklas bachsleitner - 2011 - BMX-Racing Germany\",\"isPartOf\":{\"@id\":\"http:\/\/s490497976.online.de\/wordpress\/#website\"},\"datePublished\":\"2015-02-08T12:37:00+00:00\",\"dateModified\":\"2015-02-22T21:43:15+00:00\",\"breadcrumb\":{\"@id\":\"http:\/\/s490497976.online.de\/wordpress\/team-info\/niklas-bachsleitner-2011\/#breadcrumb\"},\"inLanguage\":\"de\",\"potentialAction\":[{\"@type\":\"ReadAction\",\"target\":[\"http:\/\/s490497976.online.de\/wordpress\/team-info\/niklas-bachsleitner-2011\/\"]}]},{\"@type\":\"BreadcrumbList\",\"@id\":\"http:\/\/s490497976.online.de\/wordpress\/team-info\/niklas-bachsleitner-2011\/#breadcrumb\",\"itemListElement\":[{\"@type\":\"ListItem\",\"position\":1,\"name\":\"Home\",\"item\":\"http:\/\/s490497976.online.de\/wordpress\/\"},{\"@type\":\"ListItem\",\"position\":2,\"name\":\"team info\",\"item\":\"http:\/\/s490497976.online.de\/wordpress\/team-info\/\"},{\"@type\":\"ListItem\",\"position\":3,\"name\":\"niklas bachsleitner &#8211; 2011\"}]},{\"@type\":\"WebSite\",\"@id\":\"http:\/\/s490497976.online.de\/wordpress\/#website\",\"url\":\"http:\/\/s490497976.online.de\/wordpress\/\",\"name\":\"BMX-Racing Germany\",\"description\":\"Welcome to CRUPI-Team-Germany!\",\"potentialAction\":[{\"@type\":\"SearchAction\",\"target\":{\"@type\":\"EntryPoint\",\"urlTemplate\":\"http:\/\/s490497976.online.de\/wordpress\/?s={search_term_string}\"},\"query-input\":\"required name=search_term_string\"}],\"inLanguage\":\"de\"}]}<\/script>\n<!-- \/ Yoast SEO plugin. -->","yoast_head_json":{"title":"niklas bachsleitner - 2011 - BMX-Racing Germany","robots":{"index":"index","follow":"follow","max-snippet":"max-snippet:-1","max-image-preview":"max-image-preview:large","max-video-preview":"max-video-preview:-1"},"canonical":"http:\/\/s490497976.online.de\/wordpress\/team-info\/niklas-bachsleitner-2011\/","og_locale":"de_DE","og_type":"article","og_title":"niklas bachsleitner - 2011 - BMX-Racing Germany","og_description":"Niklas Bachsleitner sah im Alter von 5 Jahren das erste Mal eine BMX Bahn. Seit diesem Moment ist ein Leben ohne BMX undenkbar. Im Herbst 2001 wurde sofort das Training begonnen. Am Anfang hatte er oft Schwierigkeiten \u00fcberhaupt \u00fcber die Hindernisse zu kommen. Doch trotz vieler St\u00fcrze, wuchs seine Begeisterung mit jedem Training. Aufgrund der... Read More","og_url":"http:\/\/s490497976.online.de\/wordpress\/team-info\/niklas-bachsleitner-2011\/","og_site_name":"BMX-Racing Germany","article_modified_time":"2015-02-22T21:43:15+00:00","twitter_misc":{"Gesch\u00e4tzte Lesezeit":"2\u00a0Minuten"},"schema":{"@context":"https:\/\/schema.org","@graph":[{"@type":"WebPage","@id":"http:\/\/s490497976.online.de\/wordpress\/team-info\/niklas-bachsleitner-2011\/","url":"http:\/\/s490497976.online.de\/wordpress\/team-info\/niklas-bachsleitner-2011\/","name":"niklas bachsleitner - 2011 - BMX-Racing Germany","isPartOf":{"@id":"http:\/\/s490497976.online.de\/wordpress\/#website"},"datePublished":"2015-02-08T12:37:00+00:00","dateModified":"2015-02-22T21:43:15+00:00","breadcrumb":{"@id":"http:\/\/s490497976.online.de\/wordpress\/team-info\/niklas-bachsleitner-2011\/#breadcrumb"},"inLanguage":"de","potentialAction":[{"@type":"ReadAction","target":["http:\/\/s490497976.online.de\/wordpress\/team-info\/niklas-bachsleitner-2011\/"]}]},{"@type":"BreadcrumbList","@id":"http:\/\/s490497976.online.de\/wordpress\/team-info\/niklas-bachsleitner-2011\/#breadcrumb","itemListElement":[{"@type":"ListItem","position":1,"name":"Home","item":"http:\/\/s490497976.online.de\/wordpress\/"},{"@type":"ListItem","position":2,"name":"team info","item":"http:\/\/s490497976.online.de\/wordpress\/team-info\/"},{"@type":"ListItem","position":3,"name":"niklas bachsleitner &#8211; 2011"}]},{"@type":"WebSite","@id":"http:\/\/s490497976.online.de\/wordpress\/#website","url":"http:\/\/s490497976.online.de\/wordpress\/","name":"BMX-Racing Germany","description":"Welcome to CRUPI-Team-Germany!","potentialAction":[{"@type":"SearchAction","target":{"@type":"EntryPoint","urlTemplate":"http:\/\/s490497976.online.de\/wordpress\/?s={search_term_string}"},"query-input":"required name=search_term_string"}],"inLanguage":"de"}]}},"jetpack_sharing_enabled":true,"jetpack_shortlink":"https:\/\/wp.me\/P7nO8R-1H","_links":{"self":[{"href":"http:\/\/s490497976.online.de\/wordpress\/wp-json\/wp\/v2\/pages\/105"}],"collection":[{"href":"http:\/\/s490497976.online.de\/wordpress\/wp-json\/wp\/v2\/pages"}],"about":[{"href":"http:\/\/s490497976.online.de\/wordpress\/wp-json\/wp\/v2\/types\/page"}],"author":[{"embeddable":true,"href":"http:\/\/s490497976.online.de\/wordpress\/wp-json\/wp\/v2\/users\/1"}],"replies":[{"embeddable":true,"href":"http:\/\/s490497976.online.de\/wordpress\/wp-json\/wp\/v2\/comments?post=105"}],"version-history":[{"count":1,"href":"http:\/\/s490497976.online.de\/wordpress\/wp-json\/wp\/v2\/pages\/105\/revisions"}],"predecessor-version":[{"id":345,"href":"http:\/\/s490497976.online.de\/wordpress\/wp-json\/wp\/v2\/pages\/105\/revisions\/345"}],"up":[{"embeddable":true,"href":"http:\/\/s490497976.online.de\/wordpress\/wp-json\/wp\/v2\/pages\/27"}],"wp:attachment":[{"href":"http:\/\/s490497976.online.de\/wordpress\/wp-json\/wp\/v2\/media?parent=105"}],"curies":[{"name":"wp","href":"https:\/\/api.w.org\/{rel}","templated":true}]}}