{"id":27,"date":"2015-02-07T10:36:16","date_gmt":"2015-02-07T10:36:16","guid":{"rendered":"http:\/\/crupishop.apps-1and1.net\/?page_id=27"},"modified":"2015-02-23T00:20:22","modified_gmt":"2015-02-22T23:20:22","slug":"team-info","status":"publish","type":"page","link":"http:\/\/s490497976.online.de\/wordpress\/team-info\/","title":{"rendered":"team info"},"content":{"rendered":"<h5>Bereits im Jahre 1981 &#8211; noch vor dem BMX Hype durch den Film E.T. &#8211; hatte ich mein erstes BMX-Bike. Mit Freunden wurden W\u00e4lder und Baustellen dazu benutzt, erste Spr\u00fcnge und Kunstst\u00fccke zu erlernen und die ersten Wettk\u00e4mpfe auszutragen. Doch irgendwie verlief das Ganze in den folgenden Jahren dann ein wenig im Sande. Erst gut 20 Jahre sp\u00e4ter wurde die Leidenschaft und Fazination wieder geweckt. Durch meinen Umzug nach F\u00fcrth lernte ich Andreas Endlein kennen und verfolgte seine sportlichen Erfolge. H\u00f6hepunkt war sein Weltmeistertitel 2002 in Brasilien. Zwischenzeitlich war ich Vater geworden und Lucas, Sohn Nummer 1 war in einem Alter um mit BMX beginnen zu k\u00f6nnen. Zuerst war Schnuppern angesagt, aber mit einem Weltmeister als Trainer an der Seite war schnell Begeisterung und Ehrgeiz geweckt. Dies war der Beginn einer gro\u00dfen Leidenschaft und Lucas entschied sich 2005 zum Aufstieg in die Lizenzklasse des BDR. Ich konnte nicht ahnen, dass ich dadurch in den n\u00e4chsten Jahren immer ab Ostern fast jedes Wochenende bis Oktober an staubigen oder auch kn\u00f6cheltiefen matschigen BMX-Strecken in Bayern, Deutschland und angrenzendem Europa verbringen werde.<\/h5>\n<h5>Warum haben sich Lucas und CRUPI gefunden?<br \/>\nZuf\u00e4llig hatte sich Lucas zu Weihnachten 2007 ein gebrauchtes BMX-Bike von Florian Schneider gekauft. Ein CRUPI-Bike war es und ich erinnerte mich an meine Jugend und an die damaligen Highlights und Marken. Auch da war CRUPI bereits etabliert und stand f\u00fcr h\u00f6chste Qualit\u00e4t im Bereich BMX-Racing.<br \/>\nParallel bastelte Lucas an seiner Homepage und war so begeistert von seinem &#8222;neuen&#8220; Bike, dass er auch auf seiner Homepage das Firmenlogo von CRUPI verwenden wollte. Aufgrund des strengen amerikanischen Markenrechts war hierzu eine Anfrage bei CRUPI notwendig.<br \/>\nHierbei wurde Greg Swingrover auf Lucas und die deutsche BMX-Szene aufmerksam und bot Lucas seine Unterst\u00fctzung au\u00dferhalb seines Factory-Sponsoring an. Somit war Lucas ab Fr\u00fchjahr 2008 in den Farben von CRUPI unterwegs.<\/h5>\n<h5>Im Herbst 2008 erhielten wir von Greg den Auftrag ein CRUPI-Team Germany zu bilden. Ab der deutschen Meisterschaft in Bremen wurden Verhandlungen gef\u00fchrt und eine Ausschreibung durchgef\u00fchrt. Letzendlich war zu Weihnachten 2008 nach Abstimmung mit Greg Swingrover das CRUPI-Team Germany komplett.<\/h5>\n<h5>Im Laufe der Zeit gab es auch einige Ver\u00e4nderungen im Team. Checkt einfach aktuelle und ehemalige Teamfahrer in der sidebar rechts!<\/h5>\n","protected":false},"excerpt":{"rendered":"<p>Bereits im Jahre 1981 &#8211; noch vor dem BMX Hype durch den Film E.T. &#8211; hatte ich mein erstes BMX-Bike. Mit Freunden wurden W\u00e4lder und Baustellen dazu benutzt, erste Spr\u00fcnge und Kunstst\u00fccke zu erlernen und die ersten Wettk\u00e4mpfe auszutragen. Doch irgendwie verlief das Ganze in den folgenden Jahren dann ein wenig im Sande. Erst gut&#8230; <\/p>\n<div class=\"read-more navbutton\"><a href=\"http:\/\/s490497976.online.de\/wordpress\/team-info\/\">Read More<i class=\"fa fa-angle-double-right\"><\/i><\/a><\/div>\n","protected":false},"author":1,"featured_media":0,"parent":0,"menu_order":2,"comment_status":"closed","ping_status":"closed","template":"","meta":{"_mi_skip_tracking":false,"jetpack_post_was_ever_published":false},"yoast_head":"<!-- This site is optimized with the Yoast SEO plugin v19.11 - https:\/\/yoast.com\/wordpress\/plugins\/seo\/ -->\n<title>team info - BMX-Racing Germany<\/title>\n<meta name=\"robots\" content=\"index, follow, max-snippet:-1, max-image-preview:large, max-video-preview:-1\" \/>\n<link rel=\"canonical\" href=\"http:\/\/s490497976.online.de\/wordpress\/team-info\/\" \/>\n<meta property=\"og:locale\" content=\"de_DE\" \/>\n<meta property=\"og:type\" content=\"article\" \/>\n<meta property=\"og:title\" content=\"team info - BMX-Racing Germany\" \/>\n<meta property=\"og:description\" content=\"Bereits im Jahre 1981 &#8211; noch vor dem BMX Hype durch den Film E.T. &#8211; hatte ich mein erstes BMX-Bike. Mit Freunden wurden W\u00e4lder und Baustellen dazu benutzt, erste Spr\u00fcnge und Kunstst\u00fccke zu erlernen und die ersten Wettk\u00e4mpfe auszutragen. Doch irgendwie verlief das Ganze in den folgenden Jahren dann ein wenig im Sande. Erst gut... Read More\" \/>\n<meta property=\"og:url\" content=\"http:\/\/s490497976.online.de\/wordpress\/team-info\/\" \/>\n<meta property=\"og:site_name\" content=\"BMX-Racing Germany\" \/>\n<meta property=\"article:modified_time\" content=\"2015-02-22T23:20:22+00:00\" \/>\n<meta name=\"twitter:label1\" content=\"Gesch\u00e4tzte Lesezeit\" \/>\n\t<meta name=\"twitter:data1\" content=\"2\u00a0Minuten\" \/>\n<script type=\"application\/ld+json\" class=\"yoast-schema-graph\">{\"@context\":\"https:\/\/schema.org\",\"@graph\":[{\"@type\":\"WebPage\",\"@id\":\"http:\/\/s490497976.online.de\/wordpress\/team-info\/\",\"url\":\"http:\/\/s490497976.online.de\/wordpress\/team-info\/\",\"name\":\"team info - BMX-Racing Germany\",\"isPartOf\":{\"@id\":\"http:\/\/s490497976.online.de\/wordpress\/#website\"},\"datePublished\":\"2015-02-07T10:36:16+00:00\",\"dateModified\":\"2015-02-22T23:20:22+00:00\",\"breadcrumb\":{\"@id\":\"http:\/\/s490497976.online.de\/wordpress\/team-info\/#breadcrumb\"},\"inLanguage\":\"de\",\"potentialAction\":[{\"@type\":\"ReadAction\",\"target\":[\"http:\/\/s490497976.online.de\/wordpress\/team-info\/\"]}]},{\"@type\":\"BreadcrumbList\",\"@id\":\"http:\/\/s490497976.online.de\/wordpress\/team-info\/#breadcrumb\",\"itemListElement\":[{\"@type\":\"ListItem\",\"position\":1,\"name\":\"Home\",\"item\":\"http:\/\/s490497976.online.de\/wordpress\/\"},{\"@type\":\"ListItem\",\"position\":2,\"name\":\"team info\"}]},{\"@type\":\"WebSite\",\"@id\":\"http:\/\/s490497976.online.de\/wordpress\/#website\",\"url\":\"http:\/\/s490497976.online.de\/wordpress\/\",\"name\":\"BMX-Racing Germany\",\"description\":\"Welcome to CRUPI-Team-Germany!\",\"potentialAction\":[{\"@type\":\"SearchAction\",\"target\":{\"@type\":\"EntryPoint\",\"urlTemplate\":\"http:\/\/s490497976.online.de\/wordpress\/?s={search_term_string}\"},\"query-input\":\"required name=search_term_string\"}],\"inLanguage\":\"de\"}]}<\/script>\n<!-- \/ Yoast SEO plugin. -->","yoast_head_json":{"title":"team info - BMX-Racing Germany","robots":{"index":"index","follow":"follow","max-snippet":"max-snippet:-1","max-image-preview":"max-image-preview:large","max-video-preview":"max-video-preview:-1"},"canonical":"http:\/\/s490497976.online.de\/wordpress\/team-info\/","og_locale":"de_DE","og_type":"article","og_title":"team info - BMX-Racing Germany","og_description":"Bereits im Jahre 1981 &#8211; noch vor dem BMX Hype durch den Film E.T. &#8211; hatte ich mein erstes BMX-Bike. Mit Freunden wurden W\u00e4lder und Baustellen dazu benutzt, erste Spr\u00fcnge und Kunstst\u00fccke zu erlernen und die ersten Wettk\u00e4mpfe auszutragen. Doch irgendwie verlief das Ganze in den folgenden Jahren dann ein wenig im Sande. Erst gut... Read More","og_url":"http:\/\/s490497976.online.de\/wordpress\/team-info\/","og_site_name":"BMX-Racing Germany","article_modified_time":"2015-02-22T23:20:22+00:00","twitter_misc":{"Gesch\u00e4tzte Lesezeit":"2\u00a0Minuten"},"schema":{"@context":"https:\/\/schema.org","@graph":[{"@type":"WebPage","@id":"http:\/\/s490497976.online.de\/wordpress\/team-info\/","url":"http:\/\/s490497976.online.de\/wordpress\/team-info\/","name":"team info - BMX-Racing Germany","isPartOf":{"@id":"http:\/\/s490497976.online.de\/wordpress\/#website"},"datePublished":"2015-02-07T10:36:16+00:00","dateModified":"2015-02-22T23:20:22+00:00","breadcrumb":{"@id":"http:\/\/s490497976.online.de\/wordpress\/team-info\/#breadcrumb"},"inLanguage":"de","potentialAction":[{"@type":"ReadAction","target":["http:\/\/s490497976.online.de\/wordpress\/team-info\/"]}]},{"@type":"BreadcrumbList","@id":"http:\/\/s490497976.online.de\/wordpress\/team-info\/#breadcrumb","itemListElement":[{"@type":"ListItem","position":1,"name":"Home","item":"http:\/\/s490497976.online.de\/wordpress\/"},{"@type":"ListItem","position":2,"name":"team info"}]},{"@type":"WebSite","@id":"http:\/\/s490497976.online.de\/wordpress\/#website","url":"http:\/\/s490497976.online.de\/wordpress\/","name":"BMX-Racing Germany","description":"Welcome to CRUPI-Team-Germany!","potentialAction":[{"@type":"SearchAction","target":{"@type":"EntryPoint","urlTemplate":"http:\/\/s490497976.online.de\/wordpress\/?s={search_term_string}"},"query-input":"required name=search_term_string"}],"inLanguage":"de"}]}},"jetpack_sharing_enabled":true,"jetpack_shortlink":"https:\/\/wp.me\/P7nO8R-r","_links":{"self":[{"href":"http:\/\/s490497976.online.de\/wordpress\/wp-json\/wp\/v2\/pages\/27"}],"collection":[{"href":"http:\/\/s490497976.online.de\/wordpress\/wp-json\/wp\/v2\/pages"}],"about":[{"href":"http:\/\/s490497976.online.de\/wordpress\/wp-json\/wp\/v2\/types\/page"}],"author":[{"embeddable":true,"href":"http:\/\/s490497976.online.de\/wordpress\/wp-json\/wp\/v2\/users\/1"}],"replies":[{"embeddable":true,"href":"http:\/\/s490497976.online.de\/wordpress\/wp-json\/wp\/v2\/comments?post=27"}],"version-history":[{"count":4,"href":"http:\/\/s490497976.online.de\/wordpress\/wp-json\/wp\/v2\/pages\/27\/revisions"}],"predecessor-version":[{"id":351,"href":"http:\/\/s490497976.online.de\/wordpress\/wp-json\/wp\/v2\/pages\/27\/revisions\/351"}],"wp:attachment":[{"href":"http:\/\/s490497976.online.de\/wordpress\/wp-json\/wp\/v2\/media?parent=27"}],"curies":[{"name":"wp","href":"https:\/\/api.w.org\/{rel}","templated":true}]}}