{"id":76,"date":"2015-02-08T09:28:01","date_gmt":"2015-02-08T08:28:01","guid":{"rendered":"http:\/\/crupishop.apps-1and1.net\/?page_id=76"},"modified":"2019-02-14T18:51:36","modified_gmt":"2019-02-14T17:51:36","slug":"rene-kolotzek","status":"publish","type":"page","link":"http:\/\/s490497976.online.de\/wordpress\/team-info\/rene-kolotzek\/","title":{"rendered":"rene kolotzek &#8211; 2018"},"content":{"rendered":"<h5><a href=\"http:\/\/s490497976.online.de\/wordpress\/wp-content\/uploads\/2015\/02\/CIMG7145-e1424638630443.jpg\"><img decoding=\"async\" loading=\"lazy\" class=\" size-medium wp-image-318 alignleft\" src=\"http:\/\/s490497976.online.de\/wordpress\/wp-content\/uploads\/2015\/02\/CIMG7145-e1424638630443-186x300.jpg\" alt=\"CIMG7145\" width=\"186\" height=\"300\" srcset=\"http:\/\/s490497976.online.de\/wordpress\/wp-content\/uploads\/2015\/02\/CIMG7145-e1424638630443-186x300.jpg 186w, http:\/\/s490497976.online.de\/wordpress\/wp-content\/uploads\/2015\/02\/CIMG7145-e1424638630443.jpg 581w\" sizes=\"(max-width: 186px) 100vw, 186px\" \/><\/a>Im Alter von 4 1\/2 Jahren begann Ren\u00e9 Kolotzek (nickname: Junior) mit dem BMX Race Sport.<br \/>\nSein erstes Race fuhr er im September auf dem Heimtrack in K\u00f6nigsbrunn in der Klasse U7 Beginners.<br \/>\nAls Kleinster in dieser Klasse konnte Ren\u00e9 sich sofort de Platz ganz oben am Stockerl sichern. Dies war er der Beginn einer gro\u00dfen Leidenschaft.<\/h5>\n<h5>Im Jahr 2007 erfolgte der Umstieg in die Lizenzklasse. Seinen Einstieg fand er in der U11 als j\u00fcngerer Jahrgang. Ein reines Lehrjahr stand ihm bevor, welches er nutzte um Erfahrungen f\u00fcr seinen weiteren Werdegang zu sammeln.<\/h5>\n<h5>2008 gelang der Durchbruch. Auf die vielen Top3-Platzierungen im Rahmen von Bayernpokal-Rennen kam der gro\u00dfe Tag im September. Ren\u00e9 stand \u00fcberraschend im Finalgatter der Deutschen Meisterschaft in Bremen. Am Ende stand auch hier dann ein dritter Platz auf der Habenseite.<\/h5>\n<h5>Im Jahr 2010 konnte Ren\u00e9 7 der 10 Bayerischen Rennen mit dem 1sten Platz abschliessen und sicherte sich damit auch souver\u00e4n den ersten Platz in der Gesamtwertung des Bayernpokals. Auch in der BMX Bundesliga sind nunmehr Spitzenplatzierungen an der Tagesordnung. Honoriert wurde das ganze mit Platz 6 in der Gesamtwertung der BMX-Bundesliga.<br \/>\nIn der ADAC S\u00fcd Liga wurde dann am Ende der Saison nochmals ein Meilenstein gesetztzt: Gesammtsieger \u00fcber alle Lizenzklassen.<\/h5>\n<h5>Aufgrund dieser Leistungen erfolgte dann im Oktober die Berufung in das CRUPI-Team-Germany.<\/h5>\n<h5>Im Jahr 2011 die ersten Fahrten f\u00fcr das Crupi-Team-Germany Outfit. Doch die gro\u00dfen Erfolge blieben leider aus wegen sehr vielen St\u00fcrzen, doch der Arzt Chris Buhlig machte mich schnell wieder fit.<\/h5>\n<h5>The season 2012 is coming soon\u2026<\/h5>\n<h5>Im Jahr 2012 kam leider das fr\u00fche Aus f\u00fcr die Saison, da ich mir durch einen schlimmen Stutz das Schl\u00fcsselbein brach. Am Ende der Saison konnte ich noch wenige Rennen fahren, jedoch ohne gro\u00dfen Erflog.<\/h5>\n<h5>Das darauf folgende Jahr 2013 war wieder erfolgreicher mit einem 3 Platz auf der Bayrischen Meisterschaft. Desweiteren gab es meine erste Teilnahme an der Europameisterschaft in Belgien\/Dessel und mit einem Sieg der Mannschaftswertung in der S\u00fcdbayrischen ADAC Meistersschaft ging dieses Jahr zu Ende.<br \/>\nDas Jahr 2014 begann mit dem Schw\u00e4bischen Meistertitel. Kurz darauf wiederholte sich die Pechstr\u00e4hne von 2012. Ein pers\u00f6nlicher Erfolg war es, dass ich in einem Rennen die Proline, im Finale, gesprungen bin.<\/h5>\n<h5>Im Jahr 2015 startete ich das erste Mal in der Junior Man Klasse. Konnte auch gleich die Bayerische Meisterschaft f\u00fcr mich entscheiden. Desweiteren war das Jahr mit einem 5. Platz bei der Deutschen Meisterschaft und einem 4. Platz im Time Trail sehr erfolgreich. Darauf hin\u00a0wurde ich von meiner Heimatstadt f\u00fcr besondere sportliche Leistungen ausgezeichnet.<\/h5>\n<h5>Das Jahr 2016 fing leider nicht so gut an, gleich zu Beginn ein schweren Sturz. Dadurch leider keine Teilnahme an der Bayerischen Meisterschaft. Auch die Deutsche Meisterschaft musste ich leider ausfallen lassen. Jedoch konnte ich ein letztes Mal die ADAC S\u00fcdbayern Gesamtwertung f\u00fcr mich entscheiden und in der Bayernliga Gesamtwertung errang\u00a0ich noch einen 2. Platz.<br \/>\nIm Jahr 2017 jedoch lief bisher alles\u00a0\u00e4u\u00dfert gut. Ich konnte die Bayerische Meisterschaft in der Elite Man Klasse f\u00fcr mich entscheiden. Mal sehen was das Jahr 2017 noch so mit sich bringt&#8230;.<\/h5>\n<h5><\/h5>\n","protected":false},"excerpt":{"rendered":"<p>Im Alter von 4 1\/2 Jahren begann Ren\u00e9 Kolotzek (nickname: Junior) mit dem BMX Race Sport. Sein erstes Race fuhr er im September auf dem Heimtrack in K\u00f6nigsbrunn in der Klasse U7 Beginners. Als Kleinster in dieser Klasse konnte Ren\u00e9 sich sofort de Platz ganz oben am Stockerl sichern. Dies war er der Beginn einer&#8230; <\/p>\n<div class=\"read-more navbutton\"><a href=\"http:\/\/s490497976.online.de\/wordpress\/team-info\/rene-kolotzek\/\">Read More<i class=\"fa fa-angle-double-right\"><\/i><\/a><\/div>\n","protected":false},"author":1,"featured_media":0,"parent":27,"menu_order":6,"comment_status":"closed","ping_status":"closed","template":"","meta":{"_mi_skip_tracking":false,"jetpack_post_was_ever_published":false},"yoast_head":"<!-- This site is optimized with the Yoast SEO plugin v19.11 - https:\/\/yoast.com\/wordpress\/plugins\/seo\/ -->\n<title>rene kolotzek - 2018 - BMX-Racing Germany<\/title>\n<meta name=\"description\" content=\"bmx racing kolotzek crupi team\" \/>\n<meta name=\"robots\" content=\"index, follow, max-snippet:-1, max-image-preview:large, max-video-preview:-1\" \/>\n<link rel=\"canonical\" href=\"http:\/\/s490497976.online.de\/wordpress\/team-info\/rene-kolotzek\/\" \/>\n<meta property=\"og:locale\" content=\"de_DE\" \/>\n<meta property=\"og:type\" content=\"article\" \/>\n<meta property=\"og:title\" content=\"rene kolotzek - 2018 - BMX-Racing Germany\" \/>\n<meta property=\"og:description\" content=\"bmx racing kolotzek crupi team\" \/>\n<meta property=\"og:url\" content=\"http:\/\/s490497976.online.de\/wordpress\/team-info\/rene-kolotzek\/\" \/>\n<meta property=\"og:site_name\" content=\"BMX-Racing Germany\" \/>\n<meta property=\"article:modified_time\" content=\"2019-02-14T17:51:36+00:00\" \/>\n<meta property=\"og:image\" content=\"http:\/\/s490497976.online.de\/wordpress\/wp-content\/uploads\/2015\/02\/CIMG7145-e1424638630443-186x300.jpg\" \/>\n<meta name=\"twitter:label1\" content=\"Gesch\u00e4tzte Lesezeit\" \/>\n\t<meta name=\"twitter:data1\" content=\"3\u00a0Minuten\" \/>\n<script type=\"application\/ld+json\" class=\"yoast-schema-graph\">{\"@context\":\"https:\/\/schema.org\",\"@graph\":[{\"@type\":\"WebPage\",\"@id\":\"http:\/\/s490497976.online.de\/wordpress\/team-info\/rene-kolotzek\/\",\"url\":\"http:\/\/s490497976.online.de\/wordpress\/team-info\/rene-kolotzek\/\",\"name\":\"rene kolotzek - 2018 - BMX-Racing Germany\",\"isPartOf\":{\"@id\":\"http:\/\/s490497976.online.de\/wordpress\/#website\"},\"datePublished\":\"2015-02-08T08:28:01+00:00\",\"dateModified\":\"2019-02-14T17:51:36+00:00\",\"description\":\"bmx racing kolotzek crupi team\",\"breadcrumb\":{\"@id\":\"http:\/\/s490497976.online.de\/wordpress\/team-info\/rene-kolotzek\/#breadcrumb\"},\"inLanguage\":\"de\",\"potentialAction\":[{\"@type\":\"ReadAction\",\"target\":[\"http:\/\/s490497976.online.de\/wordpress\/team-info\/rene-kolotzek\/\"]}]},{\"@type\":\"BreadcrumbList\",\"@id\":\"http:\/\/s490497976.online.de\/wordpress\/team-info\/rene-kolotzek\/#breadcrumb\",\"itemListElement\":[{\"@type\":\"ListItem\",\"position\":1,\"name\":\"Home\",\"item\":\"http:\/\/s490497976.online.de\/wordpress\/\"},{\"@type\":\"ListItem\",\"position\":2,\"name\":\"team info\",\"item\":\"http:\/\/s490497976.online.de\/wordpress\/team-info\/\"},{\"@type\":\"ListItem\",\"position\":3,\"name\":\"rene kolotzek &#8211; 2018\"}]},{\"@type\":\"WebSite\",\"@id\":\"http:\/\/s490497976.online.de\/wordpress\/#website\",\"url\":\"http:\/\/s490497976.online.de\/wordpress\/\",\"name\":\"BMX-Racing Germany\",\"description\":\"Welcome to CRUPI-Team-Germany!\",\"potentialAction\":[{\"@type\":\"SearchAction\",\"target\":{\"@type\":\"EntryPoint\",\"urlTemplate\":\"http:\/\/s490497976.online.de\/wordpress\/?s={search_term_string}\"},\"query-input\":\"required name=search_term_string\"}],\"inLanguage\":\"de\"}]}<\/script>\n<!-- \/ Yoast SEO plugin. -->","yoast_head_json":{"title":"rene kolotzek - 2018 - BMX-Racing Germany","description":"bmx racing kolotzek crupi team","robots":{"index":"index","follow":"follow","max-snippet":"max-snippet:-1","max-image-preview":"max-image-preview:large","max-video-preview":"max-video-preview:-1"},"canonical":"http:\/\/s490497976.online.de\/wordpress\/team-info\/rene-kolotzek\/","og_locale":"de_DE","og_type":"article","og_title":"rene kolotzek - 2018 - BMX-Racing Germany","og_description":"bmx racing kolotzek crupi team","og_url":"http:\/\/s490497976.online.de\/wordpress\/team-info\/rene-kolotzek\/","og_site_name":"BMX-Racing Germany","article_modified_time":"2019-02-14T17:51:36+00:00","og_image":[{"url":"http:\/\/s490497976.online.de\/wordpress\/wp-content\/uploads\/2015\/02\/CIMG7145-e1424638630443-186x300.jpg"}],"twitter_misc":{"Gesch\u00e4tzte Lesezeit":"3\u00a0Minuten"},"schema":{"@context":"https:\/\/schema.org","@graph":[{"@type":"WebPage","@id":"http:\/\/s490497976.online.de\/wordpress\/team-info\/rene-kolotzek\/","url":"http:\/\/s490497976.online.de\/wordpress\/team-info\/rene-kolotzek\/","name":"rene kolotzek - 2018 - BMX-Racing Germany","isPartOf":{"@id":"http:\/\/s490497976.online.de\/wordpress\/#website"},"datePublished":"2015-02-08T08:28:01+00:00","dateModified":"2019-02-14T17:51:36+00:00","description":"bmx racing kolotzek crupi team","breadcrumb":{"@id":"http:\/\/s490497976.online.de\/wordpress\/team-info\/rene-kolotzek\/#breadcrumb"},"inLanguage":"de","potentialAction":[{"@type":"ReadAction","target":["http:\/\/s490497976.online.de\/wordpress\/team-info\/rene-kolotzek\/"]}]},{"@type":"BreadcrumbList","@id":"http:\/\/s490497976.online.de\/wordpress\/team-info\/rene-kolotzek\/#breadcrumb","itemListElement":[{"@type":"ListItem","position":1,"name":"Home","item":"http:\/\/s490497976.online.de\/wordpress\/"},{"@type":"ListItem","position":2,"name":"team info","item":"http:\/\/s490497976.online.de\/wordpress\/team-info\/"},{"@type":"ListItem","position":3,"name":"rene kolotzek &#8211; 2018"}]},{"@type":"WebSite","@id":"http:\/\/s490497976.online.de\/wordpress\/#website","url":"http:\/\/s490497976.online.de\/wordpress\/","name":"BMX-Racing Germany","description":"Welcome to CRUPI-Team-Germany!","potentialAction":[{"@type":"SearchAction","target":{"@type":"EntryPoint","urlTemplate":"http:\/\/s490497976.online.de\/wordpress\/?s={search_term_string}"},"query-input":"required name=search_term_string"}],"inLanguage":"de"}]}},"jetpack_sharing_enabled":true,"jetpack_shortlink":"https:\/\/wp.me\/P7nO8R-1e","_links":{"self":[{"href":"http:\/\/s490497976.online.de\/wordpress\/wp-json\/wp\/v2\/pages\/76"}],"collection":[{"href":"http:\/\/s490497976.online.de\/wordpress\/wp-json\/wp\/v2\/pages"}],"about":[{"href":"http:\/\/s490497976.online.de\/wordpress\/wp-json\/wp\/v2\/types\/page"}],"author":[{"embeddable":true,"href":"http:\/\/s490497976.online.de\/wordpress\/wp-json\/wp\/v2\/users\/1"}],"replies":[{"embeddable":true,"href":"http:\/\/s490497976.online.de\/wordpress\/wp-json\/wp\/v2\/comments?post=76"}],"version-history":[{"count":6,"href":"http:\/\/s490497976.online.de\/wordpress\/wp-json\/wp\/v2\/pages\/76\/revisions"}],"predecessor-version":[{"id":760,"href":"http:\/\/s490497976.online.de\/wordpress\/wp-json\/wp\/v2\/pages\/76\/revisions\/760"}],"up":[{"embeddable":true,"href":"http:\/\/s490497976.online.de\/wordpress\/wp-json\/wp\/v2\/pages\/27"}],"wp:attachment":[{"href":"http:\/\/s490497976.online.de\/wordpress\/wp-json\/wp\/v2\/media?parent=76"}],"curies":[{"name":"wp","href":"https:\/\/api.w.org\/{rel}","templated":true}]}}